CRAN Package Check Results for Package MCMCtreeR

Last updated on 2020-04-25 01:53:07 CEST.

Flavor Version Tinstall Tcheck Ttotal Status Flags
r-devel-linux-x86_64-debian-clang 1.1 6.92 76.85 83.77 OK
r-devel-linux-x86_64-debian-gcc 1.1 6.46 58.38 64.84 OK
r-devel-linux-x86_64-fedora-clang 1.1 100.23 NOTE
r-devel-linux-x86_64-fedora-gcc 1.1 115.90 OK
r-devel-windows-ix86+x86_64 1.1 20.00 138.00 158.00 NOTE
r-patched-linux-x86_64 1.1 6.56 74.70 81.26 OK
r-patched-osx-x86_64 1.1 WARN
r-patched-solaris-x86 1.1 132.40 NOTE
r-release-linux-x86_64 1.1 5.48 68.43 73.91 OK
r-release-windows-ix86+x86_64 1.1 16.00 132.00 148.00 NOTE
r-release-osx-x86_64 1.1 NOTE
r-oldrel-windows-ix86+x86_64 1.1 8.00 109.00 117.00 NOTE
r-oldrel-osx-x86_64 1.1 NOTE

Check Details

Version: 1.1
Check: installed package size
Result: NOTE
     installed size is 7.4Mb
     sub-directories of 1Mb or more:
     doc 6.8Mb
Flavors: r-devel-linux-x86_64-fedora-clang, r-devel-windows-ix86+x86_64, r-patched-osx-x86_64, r-patched-solaris-x86, r-release-windows-ix86+x86_64, r-release-osx-x86_64, r-oldrel-windows-ix86+x86_64, r-oldrel-osx-x86_64

Version: 1.1
Check: re-building of vignette outputs
Result: WARN
    Error(s) in re-building vignettes:
    --- re-building ‘MCMCtree.Rmd’ using rmarkdown
    dyld: lazy symbol binding failed: Symbol not found: ____chkstk_darwin
     Referenced from: /usr/local/bin/pandoc (which was built for Mac OS X 10.15)
     Expected in: /usr/lib/libSystem.B.dylib
    
    dyld: Symbol not found: ____chkstk_darwin
     Referenced from: /usr/local/bin/pandoc (which was built for Mac OS X 10.15)
     Expected in: /usr/lib/libSystem.B.dylib
    
    Error: processing vignette 'MCMCtree.Rmd' failed with diagnostics:
    pandoc document conversion failed with error 6
    --- failed re-building ‘MCMCtree.Rmd’
    
    --- re-building ‘MCMCtree_plot.Rmd’ using rmarkdown
    Loading required package: ape
    Loading required package: sn
    Loading required package: stats4
    
    Attaching package: 'sn'
    
    The following object is masked from 'package:stats':
    
     sd
    
    Loading required package: coda
    The following objects are masked from MCMCtree.output (pos = 3):
    
     MCMCtree.phy, MCMCtree.posterior
    
    dyld: lazy symbol binding failed: Symbol not found: ____chkstk_darwin
     Referenced from: /usr/local/bin/pandoc (which was built for Mac OS X 10.15)
     Expected in: /usr/lib/libSystem.B.dylib
    
    dyld: Symbol not found: ____chkstk_darwin
     Referenced from: /usr/local/bin/pandoc (which was built for Mac OS X 10.15)
     Expected in: /usr/lib/libSystem.B.dylib
    
    Error: processing vignette 'MCMCtree_plot.Rmd' failed with diagnostics:
    pandoc document conversion failed with error 6
    --- failed re-building ‘MCMCtree_plot.Rmd’
    
    SUMMARY: processing the following files failed:
     ‘MCMCtree.Rmd’ ‘MCMCtree_plot.Rmd’
    
    Error: Vignette re-building failed.
    Execution halted
Flavor: r-patched-osx-x86_64