CRAN Package Check Results for Package MCMCglmm

Last updated on 2020-04-25 01:53:07 CEST.

Flavor Version Tinstall Tcheck Ttotal Status Flags
r-devel-linux-x86_64-debian-clang 2.29 52.40 121.56 173.96 OK
r-devel-linux-x86_64-debian-gcc 2.29 32.45 93.44 125.89 OK
r-devel-linux-x86_64-fedora-clang 2.29 215.83 OK
r-devel-linux-x86_64-fedora-gcc 2.29 204.76 OK
r-devel-windows-ix86+x86_64 2.29 169.00 224.00 393.00 NOTE
r-patched-linux-x86_64 2.29 42.14 119.24 161.38 OK
r-patched-osx-x86_64 2.29 OK
r-patched-solaris-x86 2.29 275.10 OK
r-release-linux-x86_64 2.29 36.92 110.05 146.97 OK
r-release-windows-ix86+x86_64 2.29 173.00 158.00 331.00 NOTE
r-release-osx-x86_64 2.29 OK
r-oldrel-windows-ix86+x86_64 2.29 118.00 201.00 319.00 NOTE
r-oldrel-osx-x86_64 2.29 OK

Check Details

Version: 2.29
Check: installed package size
Result: NOTE
     installed size is 5.8Mb
     sub-directories of 1Mb or more:
     doc 3.2Mb
     libs 2.1Mb
Flavors: r-devel-windows-ix86+x86_64, r-release-windows-ix86+x86_64, r-oldrel-windows-ix86+x86_64