CRAN Package Check Results for Package MCI2

Last updated on 2020-04-25 01:53:07 CEST.

Flavor Version Tinstall Tcheck Ttotal Status Flags
r-devel-linux-x86_64-debian-clang 1.1.2 10.17 92.05 102.22 OK
r-devel-linux-x86_64-debian-gcc 1.1.2 9.85 72.12 81.97 OK
r-devel-linux-x86_64-fedora-clang 1.1.2 125.72 NOTE
r-devel-linux-x86_64-fedora-gcc 1.1.2 127.81 NOTE
r-devel-windows-ix86+x86_64 1.1.2 36.00 144.00 180.00 OK
r-patched-linux-x86_64 1.1.2 10.12 90.72 100.84 OK
r-patched-osx-x86_64 1.1.2 NOTE
r-patched-solaris-x86 1.1.2 189.40 NOTE
r-release-linux-x86_64 1.1.2 8.82 82.30 91.12 OK
r-release-windows-ix86+x86_64 1.1.2 30.00 130.00 160.00 OK
r-release-osx-x86_64 1.1.2 NOTE
r-oldrel-windows-ix86+x86_64 1.1.2 13.00 104.00 117.00 OK
r-oldrel-osx-x86_64 1.1.2 NOTE

Check Details

Version: 1.1.2
Check: data for non-ASCII characters
Result: NOTE
     Note: found 28 marked UTF-8 strings
Flavors: r-devel-linux-x86_64-fedora-clang, r-devel-linux-x86_64-fedora-gcc, r-patched-osx-x86_64, r-patched-solaris-x86, r-release-osx-x86_64, r-oldrel-osx-x86_64