CRAN Package Check Results for Package MBNMAtime

Last updated on 2020-04-25 01:53:07 CEST.

Flavor Version Tinstall Tcheck Ttotal Status Flags
r-devel-linux-x86_64-debian-clang 0.1.3 9.18 350.63 359.81 OK
r-devel-linux-x86_64-debian-gcc 0.1.3 7.11 253.50 260.61 OK
r-devel-linux-x86_64-fedora-clang 0.1.3 424.15 OK
r-devel-linux-x86_64-fedora-gcc 0.1.3 430.49 OK
r-devel-windows-ix86+x86_64 0.1.3 24.00 396.00 420.00 OK
r-patched-linux-x86_64 0.1.3 8.98 336.79 345.77 OK
r-patched-osx-x86_64 0.1.3 WARN
r-patched-solaris-x86 0.1.3 1995.00 WARN
r-release-linux-x86_64 0.1.3 8.14 333.25 341.39 OK
r-release-windows-ix86+x86_64 0.1.3 17.00 405.00 422.00 OK
r-release-osx-x86_64 0.1.3 OK
r-oldrel-windows-ix86+x86_64 0.1.3 10.00 354.00 364.00 OK
r-oldrel-osx-x86_64 0.1.3 OK

Check Details

Version: 0.1.3
Check: Rd cross-references
Result: NOTE
    Package unavailable to check Rd xrefs: ‘gemtc’
Flavor: r-patched-osx-x86_64

Version: 0.1.3
Check: re-building of vignette outputs
Result: WARN
    Error(s) in re-building vignettes:
    --- re-building ‘MBNMAtime.Rmd’ using rmarkdown
    Reference treatment is `plac`
    
    ET50 parameters (beta.2) are on exponential scale to ensure they take positive values on the natural scale
    Warning: Use of `plotdata$param` is discouraged. Use `param` instead.
    Warning: Use of `plotdata$param` is discouraged. Use `param` instead.
    Warning: Use of `data$ranks` is discouraged. Use `ranks` instead.
    ET50 parameters (beta.2) are on exponential scale to ensure they take positive values on the natural scale
    ET50 parameters (beta.2) are on exponential scale to ensure they take positive values on the natural scale
    ET50 parameters (beta.2) are on exponential scale to ensure they take positive values on the natural scale
    Data frame must contain only data from reference treatment
    ET50 parameters (beta.2) are on exponential scale to ensure they take positive values on the natural scale
    ET50 parameters (beta.2) are on exponential scale to ensure they take positive values on the natural scale
    Priors required for: emax
    Success: Elements in prior match consistency time-course treatment effect parameters
    Warning: Use of `plotdata$source` is discouraged. Use `source` instead.
    Warning: Use of `plotdata$med` is discouraged. Use `med` instead.
    Warning: Use of `plotdata$l95` is discouraged. Use `l95` instead.
    Warning: Use of `plotdata$u95` is discouraged. Use `u95` instead.
    Warning: Use of `plotdata$value` is discouraged. Use `value` instead.
    Warning: Use of `plotdata$Estimate` is discouraged. Use `Estimate` instead.
    Warning: Use of `plotdata$Estimate` is discouraged. Use `Estimate` instead.
    Warning: Use of `plotdata$source` is discouraged. Use `source` instead.
    Warning: Use of `plotdata$med` is discouraged. Use `med` instead.
    Warning: Use of `plotdata$l95` is discouraged. Use `l95` instead.
    Warning: Use of `plotdata$u95` is discouraged. Use `u95` instead.
    Warning: Use of `plotdata$source` is discouraged. Use `source` instead.
    Warning: Use of `plotdata$med` is discouraged. Use `med` instead.
    Warning: Use of `plotdata$l95` is discouraged. Use `l95` instead.
    Warning: Use of `plotdata$u95` is discouraged. Use `u95` instead.
    dyld: lazy symbol binding failed: Symbol not found: ____chkstk_darwin
     Referenced from: /usr/local/bin/pandoc (which was built for Mac OS X 10.15)
     Expected in: /usr/lib/libSystem.B.dylib
    
    dyld: Symbol not found: ____chkstk_darwin
     Referenced from: /usr/local/bin/pandoc (which was built for Mac OS X 10.15)
     Expected in: /usr/lib/libSystem.B.dylib
    
    Error: processing vignette 'MBNMAtime.Rmd' failed with diagnostics:
    pandoc document conversion failed with error 6
    --- failed re-building ‘MBNMAtime.Rmd’
    
    SUMMARY: processing the following file failed:
     ‘MBNMAtime.Rmd’
    
    Error: Vignette re-building failed.
    Execution halted
Flavor: r-patched-osx-x86_64

Version: 0.1.3
Check: re-building of vignette outputs
Result: WARN
    Error(s) in re-building vignettes:
     ...
    --- re-building ‘MBNMAtime.Rmd’ using rmarkdown
    Warning in engine$weave(file, quiet = quiet, encoding = enc) :
     Pandoc (>= 1.12.3) and/or pandoc-citeproc not available. Falling back to R Markdown v1.
    Reference treatment is `plac`
    
    ET50 parameters (beta.2) are on exponential scale to ensure they take positive values on the natural scale
Flavor: r-patched-solaris-x86