CRAN Package Check Results for Package MBNMAdose

Last updated on 2020-04-25 01:53:07 CEST.

Flavor Version Tinstall Tcheck Ttotal Status Flags
r-devel-linux-x86_64-debian-clang 0.2.7 8.32 242.50 250.82 OK
r-devel-linux-x86_64-debian-gcc 0.2.7 6.80 167.39 174.19 OK
r-devel-linux-x86_64-fedora-clang 0.2.7 300.29 NOTE
r-devel-linux-x86_64-fedora-gcc 0.2.7 300.33 NOTE
r-devel-windows-ix86+x86_64 0.2.7 22.00 330.00 352.00 OK
r-patched-linux-x86_64 0.2.7 8.20 244.21 252.41 OK
r-patched-osx-x86_64 0.2.7 WARN
r-patched-solaris-x86 0.2.7 692.80 NOTE
r-release-linux-x86_64 0.2.7 6.12 248.93 255.05 OK
r-release-windows-ix86+x86_64 0.2.7 15.00 319.00 334.00 OK
r-release-osx-x86_64 0.2.7 NOTE
r-oldrel-windows-ix86+x86_64 0.2.7 11.00 350.00 361.00 OK
r-oldrel-osx-x86_64 0.2.7 NOTE

Check Details

Version: 0.2.7
Check: data for non-ASCII characters
Result: NOTE
     Note: found 6 marked Latin-1 strings
Flavors: r-devel-linux-x86_64-fedora-clang, r-devel-linux-x86_64-fedora-gcc, r-patched-osx-x86_64, r-patched-solaris-x86, r-release-osx-x86_64, r-oldrel-osx-x86_64

Version: 0.2.7
Check: re-building of vignette outputs
Result: WARN
    Error(s) in re-building vignettes:
    --- re-building ‘mbnmadose.Rmd’ using rmarkdown
    Values for `agent` with dose = 0 have been recoded to `Placebo`
    agent is being recoded to enforce sequential numbering and allow inclusion of `Placebo`
    Values for `agent` with dose = 0 have been recoded to `Placebo`
    agent is being recoded to enforce sequential numbering and allow inclusion of `Placebo`
    `likelihood` not given by user - set to `normal` based on data provided
    `link` not given by user - set to `identity` based on assigned value for `likelihood`
    module glm loaded
    Values for `agent` with dose = 0 have been recoded to `Placebo`
    agent is being recoded to enforce sequential numbering and allow inclusion of `Placebo`
    Values for `class` with dose = 0 have been recoded to `Placebo`
    class is being recoded to enforce sequential numbering and allow inclusion of `Placebo`
    agent is being recoded to enforce sequential numbering and allow inclusion of `Placebo`
    Values for `agent` with dose = 0 have been recoded to `Placebo`
    agent is being recoded to enforce sequential numbering and allow inclusion of `Placebo`
    `likelihood` not given by user - set to `normal` based on data provided
    `link` not given by user - set to `identity` based on assigned value for `likelihood`
    Warning in rhat.warning(out) :
     The following parameters have Rhat values > 1.02
    which could be due to convergence issues:
    sd
    
    Warning: Use of `split.df$dose` is discouraged. Use `dose` instead.
    Warning: Use of `split.df$`50%`` is discouraged. Use `50%` instead.
    Warning: Use of `split.df$dose` is discouraged. Use `dose` instead.
    Warning: Use of `split.df$`2.5%`` is discouraged. Use `2.5%` instead.
    Warning: Use of `split.df$`97.5%`` is discouraged. Use `97.5%` instead.
    Values for `agent` with dose = 0 have been recoded to `Placebo`
    agent is being recoded to enforce sequential numbering and allow inclusion of `Placebo`
    `likelihood` not given by user - set to `normal` based on data provided
    `link` not given by user - set to `identity` based on assigned value for `likelihood`
    `likelihood` not given by user - set to `normal` based on data provided
    `link` not given by user - set to `identity` based on assigned value for `likelihood`
    dyld: lazy symbol binding failed: Symbol not found: ____chkstk_darwin
     Referenced from: /usr/local/bin/pandoc (which was built for Mac OS X 10.15)
     Expected in: /usr/lib/libSystem.B.dylib
    
    dyld: Symbol not found: ____chkstk_darwin
     Referenced from: /usr/local/bin/pandoc (which was built for Mac OS X 10.15)
     Expected in: /usr/lib/libSystem.B.dylib
    
    Error: processing vignette 'mbnmadose.Rmd' failed with diagnostics:
    pandoc document conversion failed with error 6
    --- failed re-building ‘mbnmadose.Rmd’
    
    SUMMARY: processing the following file failed:
     ‘mbnmadose.Rmd’
    
    Error: Vignette re-building failed.
    Execution halted
Flavor: r-patched-osx-x86_64