CRAN Package Check Results for Package MADPop

Last updated on 2020-04-25 01:53:06 CEST.

Flavor Version Tinstall Tcheck Ttotal Status Flags
r-devel-linux-x86_64-debian-clang 1.1.2 108.28 158.87 267.15 NOTE
r-devel-linux-x86_64-debian-gcc 1.1.2 96.75 116.24 212.99 NOTE
r-devel-linux-x86_64-fedora-clang 1.1.2 348.42 NOTE
r-devel-linux-x86_64-fedora-gcc 1.1.2 356.12 NOTE
r-devel-windows-ix86+x86_64 1.1.2 279.00 303.00 582.00 NOTE
r-patched-linux-x86_64 1.1.2 93.48 149.11 242.59 NOTE
r-patched-osx-x86_64 1.1.2 WARN
r-patched-solaris-x86 1.1.2 427.10 NOTE
r-release-linux-x86_64 1.1.2 82.74 141.42 224.16 NOTE
r-release-windows-ix86+x86_64 1.1.2 248.00 296.00 544.00 NOTE
r-release-osx-x86_64 1.1.2 NOTE
r-oldrel-windows-ix86+x86_64 1.1.2 193.00 255.00 448.00 NOTE
r-oldrel-osx-x86_64 1.1.2 NOTE

Check Details

Version: 1.1.2
Check: for GNU extensions in Makefiles
Result: NOTE
    GNU make is a SystemRequirements.
Flavors: r-devel-linux-x86_64-debian-clang, r-devel-linux-x86_64-debian-gcc, r-devel-linux-x86_64-fedora-clang, r-devel-linux-x86_64-fedora-gcc, r-devel-windows-ix86+x86_64, r-patched-linux-x86_64, r-patched-osx-x86_64, r-patched-solaris-x86, r-release-linux-x86_64, r-release-windows-ix86+x86_64, r-release-osx-x86_64, r-oldrel-windows-ix86+x86_64, r-oldrel-osx-x86_64

Version: 1.1.2
Check: installed package size
Result: NOTE
     installed size is 26.4Mb
     sub-directories of 1Mb or more:
     libs 26.0Mb
Flavors: r-devel-linux-x86_64-fedora-clang, r-patched-osx-x86_64, r-release-osx-x86_64, r-oldrel-osx-x86_64

Version: 1.1.2
Check: re-building of vignette outputs
Result: WARN
    Error(s) in re-building vignettes:
     ...
    --- re-building ‘MADPop-quicktut.Rmd’ using rmarkdown
    [WARNING] Could not parse YAML metadata at line 38 column 1: Unexpected '
     '
    dyld: lazy symbol binding failed: Symbol not found: ____chkstk_darwin
     Referenced from: /usr/local/bin/pandoc (which was built for Mac OS X 10.15)
     Expected in: /usr/lib/libSystem.B.dylib
    
    dyld: Symbol not found: ____chkstk_darwin
     Referenced from: /usr/local/bin/pandoc (which was built for Mac OS X 10.15)
     Expected in: /usr/lib/libSystem.B.dylib
    
    Error: processing vignette 'MADPop-quicktut.Rmd' failed with diagnostics:
    pandoc document conversion failed with error 6
    --- failed re-building ‘MADPop-quicktut.Rmd’
    
    SUMMARY: processing the following file failed:
     ‘MADPop-quicktut.Rmd’
    
    Error: Vignette re-building failed.
    Execution halted
Flavor: r-patched-osx-x86_64