CRAN Package Check Results for Package LexisNexisTools

Last updated on 2020-04-25 01:53:06 CEST.

Flavor Version Tinstall Tcheck Ttotal Status Flags
r-devel-linux-x86_64-debian-clang 0.3.0 12.32 158.69 171.01 OK
r-devel-linux-x86_64-debian-gcc 0.3.0 10.73 116.76 127.49 OK
r-devel-linux-x86_64-fedora-clang 0.3.0 220.30 OK
r-devel-linux-x86_64-fedora-gcc 0.3.0 210.99 OK
r-devel-windows-ix86+x86_64 0.3.0 44.00 236.00 280.00 OK
r-patched-linux-x86_64 0.3.0 13.14 154.09 167.23 OK
r-patched-osx-x86_64 0.3.0 WARN
r-patched-solaris-x86 0.3.0 495.30 OK
r-release-linux-x86_64 0.3.0 10.31 140.21 150.52 OK
r-release-windows-ix86+x86_64 0.3.0 31.00 221.00 252.00 OK
r-release-osx-x86_64 0.3.0 OK
r-oldrel-windows-ix86+x86_64 0.3.0 13.00 145.00 158.00 OK
r-oldrel-osx-x86_64 0.3.0 OK

Check Details

Version: 0.3.0
Check: re-building of vignette outputs
Result: WARN
    Error(s) in re-building vignettes:
    --- re-building ‘demo.Rmd’ using rmarkdown
    LexisNexisTools Version 0.3.0
    Creating LNToutput from 1 file...
     ...files loaded [0.0038 secs]
     ...articles split [0.012 secs]
     ...lengths extracted [0.017 secs]
     ...newspapers extracted [0.02 secs]
     ...dates extracted [0.022 secs]
     ...authors extracted [0.023 secs]
     ...sections extracted [0.024 secs]
     ...editions extracted [0.024 secs]
     ...headlines extracted [0.026 secs]
     ...dates converted [0.037 secs]
     ...metadata extracted [0.04 secs]
     ...article texts extracted [0.10 secs]
     ...paragraphs extracted [0.13 secs]
     ...superfluous whitespace removed [0.13 secs]
    Elapsed time: 0.13 secs
    Checking similiarity for 10 articles over 4 dates...
     ...quanteda dfm construced for similarity comparison [0.28 secs].
    
     ...processing date 2010-01-08: 0 duplicates found [0.28 secs].
     ...processing date 2010-01-09: 0 duplicates found [0.28 secs].
     ...processing date 2010-01-10: 0 duplicates found [0.38 secs].
     ...processing date 2010-01-11: 5 duplicates found [8.33 secs].
    Threshold = 0.97; 4 days processed; 5 duplicates found; in 8.33 secs
    dyld: lazy symbol binding failed: Symbol not found: ____chkstk_darwin
     Referenced from: /usr/local/bin/pandoc (which was built for Mac OS X 10.15)
     Expected in: /usr/lib/libSystem.B.dylib
    
    dyld: Symbol not found: ____chkstk_darwin
     Referenced from: /usr/local/bin/pandoc (which was built for Mac OS X 10.15)
     Expected in: /usr/lib/libSystem.B.dylib
    
    Error: processing vignette 'demo.Rmd' failed with diagnostics:
    pandoc document conversion failed with error 6
    --- failed re-building ‘demo.Rmd’
    
    SUMMARY: processing the following file failed:
     ‘demo.Rmd’
    
    Error: Vignette re-building failed.
    Execution halted
Flavor: r-patched-osx-x86_64