CRAN Package Check Results for Package LOGAN

Last updated on 2020-04-25 01:53:06 CEST.

Flavor Version Tinstall Tcheck Ttotal Status Flags
r-devel-linux-x86_64-debian-clang 1.0.0 3.94 29.78 33.72 OK
r-devel-linux-x86_64-debian-gcc 1.0.0 3.10 26.79 29.89 OK
r-devel-linux-x86_64-fedora-clang 1.0.0 45.82 NOTE
r-devel-linux-x86_64-fedora-gcc 1.0.0 44.33 NOTE
r-devel-windows-ix86+x86_64 1.0.0 15.00 62.00 77.00 OK
r-patched-linux-x86_64 1.0.0 3.55 33.68 37.23 OK
r-patched-osx-x86_64 1.0.0 NOTE
r-patched-solaris-x86 1.0.0 67.50 NOTE
r-release-linux-x86_64 1.0.0 2.77 31.59 34.36 OK
r-release-windows-ix86+x86_64 1.0.0 13.00 59.00 72.00 OK
r-release-osx-x86_64 1.0.0 NOTE
r-oldrel-windows-ix86+x86_64 1.0.0 5.00 49.00 54.00 OK
r-oldrel-osx-x86_64 1.0.0 NOTE

Check Details

Version: 1.0.0
Check: dependencies in R code
Result: NOTE
    Namespace in Imports field not imported from: ‘modules’
     All declared Imports should be used.
Flavors: r-devel-linux-x86_64-fedora-clang, r-devel-linux-x86_64-fedora-gcc, r-patched-osx-x86_64, r-patched-solaris-x86, r-release-osx-x86_64, r-oldrel-osx-x86_64