CRAN Package Check Results for Package LLSR

Last updated on 2020-04-25 01:53:06 CEST.

Flavor Version Tinstall Tcheck Ttotal Status Flags
r-devel-linux-x86_64-debian-clang 0.0.2.19 10.25 73.80 84.05 OK
r-devel-linux-x86_64-debian-gcc 0.0.2.19 9.44 55.92 65.36 OK
r-devel-linux-x86_64-fedora-clang 0.0.2.19 104.09 NOTE
r-devel-linux-x86_64-fedora-gcc 0.0.2.19 104.22 NOTE
r-devel-windows-ix86+x86_64 0.0.2.19 36.00 126.00 162.00 OK
r-patched-linux-x86_64 0.0.2.19 9.83 71.48 81.31 OK
r-patched-osx-x86_64 0.0.2.19 NOTE
r-release-linux-x86_64 0.0.2.19 7.92 64.08 72.00 OK
r-release-windows-ix86+x86_64 0.0.2.19 31.00 115.00 146.00 OK
r-release-osx-x86_64 0.0.2.19 NOTE
r-oldrel-windows-ix86+x86_64 0.0.2.19 11.00 93.00 104.00 OK
r-oldrel-osx-x86_64 0.0.2.19 NOTE

Check Details

Version: 0.0.2.19
Check: data for non-ASCII characters
Result: NOTE
     Note: found 109 marked UTF-8 strings
Flavors: r-devel-linux-x86_64-fedora-clang, r-devel-linux-x86_64-fedora-gcc, r-patched-osx-x86_64, r-release-osx-x86_64, r-oldrel-osx-x86_64