CRAN Package Check Results for Package L0Learn

Last updated on 2020-04-25 01:53:06 CEST.

Flavor Version Tinstall Tcheck Ttotal Status Flags
r-devel-linux-x86_64-debian-clang 1.2.0 294.28 114.58 408.86 OK
r-devel-linux-x86_64-debian-gcc 1.2.0 200.06 154.69 354.75 OK
r-devel-linux-x86_64-fedora-clang 1.2.0 581.89 NOTE
r-devel-linux-x86_64-fedora-gcc 1.2.0 537.23 OK
r-devel-windows-ix86+x86_64 1.2.0 746.00 289.00 1035.00 NOTE
r-patched-linux-x86_64 1.2.0 236.35 175.20 411.55 OK
r-patched-osx-x86_64 1.2.0 WARN
r-patched-solaris-x86 1.2.0 512.40 OK
r-release-linux-x86_64 1.2.0 233.63 177.22 410.85 OK
r-release-windows-ix86+x86_64 1.2.0 649.00 264.00 913.00 NOTE
r-release-osx-x86_64 1.2.0 NOTE
r-oldrel-windows-ix86+x86_64 1.2.0 480.00 227.00 707.00 NOTE
r-oldrel-osx-x86_64 1.2.0 NOTE

Check Details

Version: 1.2.0
Check: installed package size
Result: NOTE
     installed size is 20.5Mb
     sub-directories of 1Mb or more:
     doc 2.4Mb
     libs 18.0Mb
Flavors: r-devel-linux-x86_64-fedora-clang, r-devel-windows-ix86+x86_64, r-patched-osx-x86_64, r-release-windows-ix86+x86_64, r-release-osx-x86_64, r-oldrel-windows-ix86+x86_64, r-oldrel-osx-x86_64

Version: 1.2.0
Check: re-building of vignette outputs
Result: WARN
    Error(s) in re-building vignettes:
     ...
    --- re-building ‘L0Learn-vignette.Rmd’ using rmarkdown
    dyld: lazy symbol binding failed: Symbol not found: ____chkstk_darwin
     Referenced from: /usr/local/bin/pandoc (which was built for Mac OS X 10.15)
     Expected in: /usr/lib/libSystem.B.dylib
    
    dyld: Symbol not found: ____chkstk_darwin
     Referenced from: /usr/local/bin/pandoc (which was built for Mac OS X 10.15)
     Expected in: /usr/lib/libSystem.B.dylib
    
    Error: processing vignette 'L0Learn-vignette.Rmd' failed with diagnostics:
    pandoc document conversion failed with error 6
    --- failed re-building ‘L0Learn-vignette.Rmd’
    
    SUMMARY: processing the following file failed:
     ‘L0Learn-vignette.Rmd’
    
    Error: Vignette re-building failed.
    Execution halted
Flavor: r-patched-osx-x86_64