CRAN Package Check Results for Package JumpTest

Last updated on 2020-04-25 01:53:05 CEST.

Flavor Version Tinstall Tcheck Ttotal Status Flags
r-devel-linux-x86_64-debian-clang 1.1 27.04 90.94 117.98 NOTE
r-devel-linux-x86_64-debian-gcc 1.1 14.36 65.15 79.51 NOTE
r-devel-linux-x86_64-fedora-clang 1.1 140.65 OK
r-devel-linux-x86_64-fedora-gcc 1.1 134.05 OK
r-devel-windows-ix86+x86_64 1.1 62.00 176.00 238.00 NOTE
r-patched-linux-x86_64 1.1 20.03 88.57 108.60 NOTE
r-patched-osx-x86_64 1.1 WARN
r-patched-solaris-x86 1.1 187.10 OK
r-release-linux-x86_64 1.1 18.52 81.49 100.01 OK
r-release-windows-ix86+x86_64 1.1 59.00 167.00 226.00 OK
r-release-osx-x86_64 1.1 OK
r-oldrel-windows-ix86+x86_64 1.1 36.00 147.00 183.00 OK
r-oldrel-osx-x86_64 1.1 OK

Check Details

Version: 1.1
Check: package vignettes
Result: NOTE
    Package vignette with placeholder title 'Vignette Title':
     'jumptest.Rmd'
Flavors: r-devel-linux-x86_64-debian-clang, r-devel-linux-x86_64-debian-gcc, r-devel-windows-ix86+x86_64, r-patched-linux-x86_64

Version: 1.1
Check: re-building of vignette outputs
Result: WARN
    Error(s) in re-building vignettes:
     ...
    --- re-building ‘jumptest.Rmd’ using rmarkdown
    dyld: lazy symbol binding failed: Symbol not found: ____chkstk_darwin
     Referenced from: /usr/local/bin/pandoc (which was built for Mac OS X 10.15)
     Expected in: /usr/lib/libSystem.B.dylib
    
    dyld: Symbol not found: ____chkstk_darwin
     Referenced from: /usr/local/bin/pandoc (which was built for Mac OS X 10.15)
     Expected in: /usr/lib/libSystem.B.dylib
    
    Error: processing vignette 'jumptest.Rmd' failed with diagnostics:
    pandoc document conversion failed with error 6
    --- failed re-building ‘jumptest.Rmd’
    
    SUMMARY: processing the following file failed:
     ‘jumptest.Rmd’
    
    Error: Vignette re-building failed.
    Execution halted
Flavor: r-patched-osx-x86_64