CRAN Package Check Results for Package Jaya

Last updated on 2020-04-25 01:53:05 CEST.

Flavor Version Tinstall Tcheck Ttotal Status Flags
r-devel-linux-x86_64-debian-clang 0.1.9 2.17 131.36 133.53 OK
r-devel-linux-x86_64-debian-gcc 0.1.9 1.58 97.41 98.99 OK
r-devel-linux-x86_64-fedora-clang 0.1.9 148.79 NOTE
r-devel-linux-x86_64-fedora-gcc 0.1.9 151.19 NOTE
r-devel-windows-ix86+x86_64 0.1.9 8.00 175.00 183.00 OK
r-patched-linux-x86_64 0.1.9 2.17 126.36 128.53 OK
r-patched-osx-x86_64 0.1.9 NOTE
r-patched-solaris-x86 0.1.9 169.60 NOTE
r-release-linux-x86_64 0.1.9 1.56 112.94 114.50 OK
r-release-windows-ix86+x86_64 0.1.9 6.00 164.00 170.00 OK
r-release-osx-x86_64 0.1.9 NOTE
r-oldrel-windows-ix86+x86_64 0.1.9 3.00 143.00 146.00 OK
r-oldrel-osx-x86_64 0.1.9 NOTE

Check Details

Version: 0.1.9
Check: dependencies in R code
Result: NOTE
    Namespace in Imports field not imported from: ‘GA’
     All declared Imports should be used.
Flavors: r-devel-linux-x86_64-fedora-clang, r-devel-linux-x86_64-fedora-gcc, r-patched-osx-x86_64, r-patched-solaris-x86, r-release-osx-x86_64, r-oldrel-osx-x86_64