CRAN Package Check Results for Package JGR

Last updated on 2020-04-25 01:53:05 CEST.

Flavor Version Tinstall Tcheck Ttotal Status Flags
r-devel-linux-x86_64-debian-clang 1.8-7 5.43 35.72 41.15 OK
r-devel-linux-x86_64-debian-gcc 1.8-7 3.78 28.03 31.81 OK
r-devel-linux-x86_64-fedora-clang 1.8-7 50.82 OK
r-devel-linux-x86_64-fedora-gcc 1.8-7 50.45 OK
r-devel-windows-ix86+x86_64 1.8-7 13.00 70.00 83.00 OK
r-patched-linux-x86_64 1.8-7 5.29 34.93 40.22 OK
r-patched-osx-x86_64 1.8-7 OK --install=fake
r-patched-solaris-x86 1.8-7 80.10 NOTE
r-release-linux-x86_64 1.8-7 4.41 32.20 36.61 OK
r-release-windows-ix86+x86_64 1.8-7 12.00 50.00 62.00 OK
r-release-osx-x86_64 1.8-7 OK --install=fake
r-oldrel-windows-ix86+x86_64 1.8-7 6.00 66.00 72.00 OK
r-oldrel-osx-x86_64 1.8-6 OK --install=fake

Check Details

Version: 1.8-7
Check: package dependencies
Result: NOTE
    Package suggested but not available for checking: ‘XLConnect’
Flavor: r-patched-solaris-x86