CRAN Package Check Results for Package IrregLong

Last updated on 2020-04-25 01:53:05 CEST.

Flavor Version Tinstall Tcheck Ttotal Status Flags
r-devel-linux-x86_64-debian-clang 0.2.0 12.06 102.94 115.00 OK
r-devel-linux-x86_64-debian-gcc 0.2.0 9.41 78.84 88.25 OK
r-devel-linux-x86_64-fedora-clang 0.2.0 130.77 OK
r-devel-linux-x86_64-fedora-gcc 0.2.0 132.08 OK
r-devel-windows-ix86+x86_64 0.2.0 40.00 168.00 208.00 OK
r-patched-linux-x86_64 0.2.0 10.30 95.07 105.37 OK
r-patched-osx-x86_64 0.2.0 WARN
r-patched-solaris-x86 0.2.0 196.90 OK
r-release-linux-x86_64 0.2.0 10.11 88.89 99.00 OK
r-release-windows-ix86+x86_64 0.2.0 30.00 139.00 169.00 OK
r-release-osx-x86_64 0.2.0 OK
r-oldrel-windows-ix86+x86_64 0.2.0 13.00 111.00 124.00 OK
r-oldrel-osx-x86_64 0.2.0 OK

Check Details

Version: 0.2.0
Check: re-building of vignette outputs
Result: WARN
    Error(s) in re-building vignettes:
    --- re-building ‘Irreglong-vignette.Rmd’ using rmarkdown
    Loading required package: lme4
    Loading required package: Matrix
    
    Attaching package: 'MEMSS'
    
    The following objects are masked from 'package:datasets':
    
     CO2, Orange, Theoph
    
    Loading required package: boot
    
    Attaching package: 'boot'
    
    The following object is masked from 'package:survival':
    
     aml
    
    Loading required package: MASS
    Loading required package: survC1
    Loading required package: doBy
    
    Attaching package: 'frailtypack'
    
    The following object is masked from 'package:survival':
    
     cluster
    
    dyld: lazy symbol binding failed: Symbol not found: ____chkstk_darwin
     Referenced from: /usr/local/bin/pandoc (which was built for Mac OS X 10.15)
     Expected in: /usr/lib/libSystem.B.dylib
    
    dyld: Symbol not found: ____chkstk_darwin
     Referenced from: /usr/local/bin/pandoc (which was built for Mac OS X 10.15)
     Expected in: /usr/lib/libSystem.B.dylib
    
    Error: processing vignette 'Irreglong-vignette.Rmd' failed with diagnostics:
    pandoc document conversion failed with error 6
    --- failed re-building ‘Irreglong-vignette.Rmd’
    
    SUMMARY: processing the following file failed:
     ‘Irreglong-vignette.Rmd’
    
    Error: Vignette re-building failed.
    Execution halted
Flavor: r-patched-osx-x86_64