CRAN Package Check Results for Package InterpretMSSpectrum

Last updated on 2020-04-25 01:53:05 CEST.

Flavor Version Tinstall Tcheck Ttotal Status Flags
r-devel-linux-x86_64-debian-clang 1.2 6.10 42.91 49.01 OK
r-devel-linux-x86_64-debian-gcc 1.2 4.69 33.68 38.37 OK
r-devel-linux-x86_64-fedora-clang 1.2 59.61 OK
r-devel-linux-x86_64-fedora-gcc 1.2 59.71 OK
r-devel-windows-ix86+x86_64 1.2 14.00 87.00 101.00 OK
r-patched-linux-x86_64 1.2 5.79 42.57 48.36 OK
r-patched-osx-x86_64 1.2 ERROR
r-patched-solaris-x86 1.2 87.00 OK
r-release-linux-x86_64 1.2 5.55 39.38 44.93 OK
r-release-windows-ix86+x86_64 1.2 13.00 60.00 73.00 OK
r-release-osx-x86_64 1.2 OK
r-oldrel-windows-ix86+x86_64 1.2 7.00 77.00 84.00 OK
r-oldrel-osx-x86_64 1.2 OK

Check Details

Version: 1.2
Check: package dependencies
Result: ERROR
    Package required but not available: ‘Rdisop’
    
    See section ‘The DESCRIPTION file’ in the ‘Writing R Extensions’
    manual.
Flavor: r-patched-osx-x86_64