CRAN Package Check Results for Package IntClust

Last updated on 2020-04-25 01:53:05 CEST.

Flavor Version Tinstall Tcheck Ttotal Status Flags
r-devel-linux-x86_64-debian-clang 0.1.0 24.90 207.31 232.21 OK
r-devel-linux-x86_64-debian-gcc 0.1.0 21.53 155.39 176.92 OK
r-devel-linux-x86_64-fedora-clang 0.1.0 291.84 NOTE
r-devel-linux-x86_64-fedora-gcc 0.1.0 291.09 OK
r-devel-windows-ix86+x86_64 0.1.0 75.00 335.00 410.00 OK
r-patched-linux-x86_64 0.1.0 26.98 197.89 224.87 OK
r-patched-osx-x86_64 0.1.0 NOTE
r-patched-solaris-x86 0.1.0 399.30 OK
r-release-linux-x86_64 0.1.0 23.48 178.39 201.87 OK
r-release-windows-ix86+x86_64 0.1.0 64.00 296.00 360.00 OK
r-release-osx-x86_64 0.1.0 NOTE
r-oldrel-windows-ix86+x86_64 0.1.0 29.00 203.00 232.00 OK
r-oldrel-osx-x86_64 0.1.0 NOTE

Check Details

Version: 0.1.0
Check: package dependencies
Result: NOTE
    Imports includes 21 non-default packages.
    Importing from so many packages makes the package vulnerable to any of
    them becoming unavailable. Move as many as possible to Suggests and
    use conditionally.
Flavor: r-devel-linux-x86_64-fedora-clang

Version: 0.1.0
Check: package dependencies
Result: NOTE
    Packages suggested but not available for checking:
     'MLP', 'org.Hs.eg.db', 'a4Base'
Flavors: r-patched-osx-x86_64, r-release-osx-x86_64

Version: 0.1.0
Check: package dependencies
Result: NOTE
    Packages suggested but not available for checking: ‘MLP’ ‘a4Base’
Flavor: r-oldrel-osx-x86_64