CRAN Package Check Results for Package IndependenceTests

Last updated on 2020-04-25 01:53:05 CEST.

Flavor Version Tinstall Tcheck Ttotal Status Flags
r-devel-linux-x86_64-debian-clang 0.3 15.16 31.87 47.03 OK
r-devel-linux-x86_64-debian-gcc 0.2 3.02 18.38 21.40 NOTE
r-devel-linux-x86_64-fedora-clang 0.2 37.06 NOTE
r-devel-linux-x86_64-fedora-gcc 0.2 33.99 NOTE
r-devel-windows-ix86+x86_64 0.3 74.00 94.00 168.00 OK
r-patched-linux-x86_64 0.3 12.66 31.63 44.29 OK
r-patched-osx-x86_64 0.2 NOTE
r-patched-solaris-x86 0.2 48.30 NOTE
r-release-linux-x86_64 0.3 12.92 29.42 42.34 OK
r-release-windows-ix86+x86_64 0.3 64.00 80.00 144.00 OK
r-release-osx-x86_64 0.3 ERROR
r-oldrel-windows-ix86+x86_64 0.2 8.00 44.00 52.00 NOTE
r-oldrel-osx-x86_64 0.2 NOTE

Check Details

Version: 0.2
Check: package dependencies
Result: NOTE
    Package suggested but not available for checking: ‘rsprng’
Flavors: r-devel-linux-x86_64-debian-gcc, r-devel-linux-x86_64-fedora-clang, r-devel-linux-x86_64-fedora-gcc, r-patched-solaris-x86, r-oldrel-windows-ix86+x86_64

Version: 0.2
Check: DESCRIPTION meta-information
Result: NOTE
    Malformed Title field: should not end in a period.
Flavors: r-devel-linux-x86_64-debian-gcc, r-devel-linux-x86_64-fedora-clang, r-devel-linux-x86_64-fedora-gcc, r-patched-osx-x86_64, r-patched-solaris-x86, r-oldrel-windows-ix86+x86_64, r-oldrel-osx-x86_64

Version: 0.2
Check: dependencies in R code
Result: NOTE
    'library' or 'require' call to ‘xtable’ which was already attached by Depends.
     Please remove these calls from your code.
    'library' or 'require' calls in package code:
     ‘Rmpi’ ‘rsprng’ ‘snow’
     Please use :: or requireNamespace() instead.
     See section 'Suggested packages' in the 'Writing R Extensions' manual.
Flavors: r-devel-linux-x86_64-debian-gcc, r-devel-linux-x86_64-fedora-clang, r-devel-linux-x86_64-fedora-gcc, r-patched-osx-x86_64, r-patched-solaris-x86, r-oldrel-windows-ix86+x86_64, r-oldrel-osx-x86_64

Version: 0.2
Check: R code for possible problems
Result: NOTE
    A.dep.tests: no visible global function definition for ‘combn’
    A.dep.tests: no visible global function definition for ‘pchisq’
    dependogram: no visible global function definition for ‘makeCluster’
    dependogram: no visible global function definition for
     ‘clusterSetupSPRNG’
    dependogram: no visible global function definition for ‘clusterCall’
    dependogram: no visible global function definition for ‘stopCluster’
    dependogram: no visible global function definition for ‘combn’
    dependogram: no visible global function definition for ‘points’
    dependogram: no visible global function definition for ‘segments’
    Undefined global functions or variables:
     clusterCall clusterSetupSPRNG combn makeCluster pchisq points
     segments stopCluster
    Consider adding
     importFrom("graphics", "points", "segments")
     importFrom("stats", "pchisq")
     importFrom("utils", "combn")
    to your NAMESPACE file.
Flavors: r-devel-linux-x86_64-debian-gcc, r-devel-linux-x86_64-fedora-clang, r-devel-linux-x86_64-fedora-gcc, r-patched-osx-x86_64, r-patched-solaris-x86

Version: 0.2
Check: compiled code
Result: NOTE
    File ‘IndependenceTests/libs/IndependenceTests.so’:
     Found no calls to: ‘R_registerRoutines’, ‘R_useDynamicSymbols’
    
    It is good practice to register native routines and to disable symbol
    search.
    
    See ‘Writing portable packages’ in the ‘Writing R Extensions’ manual.
Flavors: r-devel-linux-x86_64-fedora-clang, r-devel-linux-x86_64-fedora-gcc

Version: 0.2
Check: package dependencies
Result: NOTE
    Packages suggested but not available for checking: 'rsprng', 'Rmpi'
Flavor: r-patched-osx-x86_64

Version: 0.3
Check: whether package can be installed
Result: ERROR
    Installation failed.
Flavor: r-release-osx-x86_64

Version: 0.2
Check: R code for possible problems
Result: NOTE
    A.dep.tests: no visible global function definition for 'combn'
    A.dep.tests: no visible global function definition for 'pchisq'
    dependogram: no visible global function definition for 'makeCluster'
    dependogram: no visible global function definition for
     'clusterSetupSPRNG'
    dependogram: no visible global function definition for 'clusterCall'
    dependogram: no visible global function definition for 'stopCluster'
    dependogram: no visible global function definition for 'combn'
    dependogram: no visible global function definition for 'plot'
    dependogram: no visible global function definition for 'points'
    dependogram: no visible global function definition for 'segments'
    Undefined global functions or variables:
     clusterCall clusterSetupSPRNG combn makeCluster pchisq plot points
     segments stopCluster
    Consider adding
     importFrom("graphics", "plot", "points", "segments")
     importFrom("stats", "pchisq")
     importFrom("utils", "combn")
    to your NAMESPACE file.
Flavors: r-oldrel-windows-ix86+x86_64, r-oldrel-osx-x86_64

Version: 0.2
Check: package dependencies
Result: NOTE
    Packages suggested but not available for checking: ‘rsprng’ ‘Rmpi’
Flavor: r-oldrel-osx-x86_64