CRAN Package Check Results for Package InSilicoVA

Last updated on 2020-04-25 01:53:05 CEST.

Flavor Version Tinstall Tcheck Ttotal Status Flags
r-devel-linux-x86_64-debian-clang 1.2.8 10.97 102.28 113.25 OK
r-devel-linux-x86_64-debian-gcc 1.2.8 8.87 78.68 87.55 OK
r-devel-linux-x86_64-fedora-clang 1.2.8 136.50 OK
r-devel-linux-x86_64-fedora-gcc 1.2.8 137.17 OK
r-devel-windows-ix86+x86_64 1.2.8 37.00 160.00 197.00 OK
r-patched-linux-x86_64 1.2.8 10.14 100.26 110.40 OK
r-patched-osx-x86_64 1.2.8 OK
r-patched-solaris-x86 1.2.8 208.40 NOTE
r-release-linux-x86_64 1.2.8 7.55 94.22 101.77 OK
r-release-windows-ix86+x86_64 1.2.8 25.00 154.00 179.00 OK
r-release-osx-x86_64 1.2.8 OK
r-oldrel-windows-ix86+x86_64 1.2.8 11.00 108.00 119.00 OK
r-oldrel-osx-x86_64 1.2.7 OK

Check Details

Version: 1.2.8
Check: installed package size
Result: NOTE
     installed size is 5.0Mb
     sub-directories of 1Mb or more:
     java 4.4Mb
Flavor: r-patched-solaris-x86