Last updated on 2020-04-25 01:53:05 CEST.
Flavor | Version | Tinstall | Tcheck | Ttotal | Status | Flags |
---|---|---|---|---|---|---|
r-devel-linux-x86_64-debian-clang | 1.2.3 | 11.06 | 82.34 | 93.40 | OK | |
r-devel-linux-x86_64-debian-gcc | 1.2.3 | 9.48 | 63.47 | 72.95 | OK | |
r-devel-linux-x86_64-fedora-clang | 1.2.3 | 115.21 | NOTE | |||
r-devel-linux-x86_64-fedora-gcc | 1.2.3 | 109.55 | NOTE | |||
r-devel-windows-ix86+x86_64 | 1.2.3 | 51.00 | 149.00 | 200.00 | OK | |
r-patched-linux-x86_64 | 1.2.3 | 10.83 | 79.42 | 90.25 | OK | |
r-patched-osx-x86_64 | 1.2.3 | NOTE | ||||
r-patched-solaris-x86 | 1.2.3 | 156.70 | NOTE | |||
r-release-linux-x86_64 | 1.2.3 | 9.30 | 71.63 | 80.93 | OK | |
r-release-windows-ix86+x86_64 | 1.2.3 | 31.00 | 135.00 | 166.00 | OK | |
r-release-osx-x86_64 | 1.2.3 | NOTE | ||||
r-oldrel-windows-ix86+x86_64 | 1.2.3 | 14.00 | 88.00 | 102.00 | OK | |
r-oldrel-osx-x86_64 | 1.2.3 | NOTE |
Version: 1.2.3
Check: dependencies in R code
Result: NOTE
Namespaces in Imports field not imported from:
‘devtools’ ‘pangaear’ ‘rcrossref’ ‘rgdal’ ‘stringr’
All declared Imports should be used.
Flavors: r-devel-linux-x86_64-fedora-clang, r-devel-linux-x86_64-fedora-gcc, r-patched-osx-x86_64, r-patched-solaris-x86, r-release-osx-x86_64, r-oldrel-osx-x86_64
Version: 1.2.3
Check: data for non-ASCII characters
Result: NOTE
Note: found 1 marked UTF-8 string
Flavors: r-devel-linux-x86_64-fedora-clang, r-devel-linux-x86_64-fedora-gcc, r-patched-osx-x86_64, r-patched-solaris-x86, r-release-osx-x86_64, r-oldrel-osx-x86_64