CRAN Package Check Results for Package INLAMSM

Last updated on 2020-04-25 01:53:05 CEST.

Flavor Version Tinstall Tcheck Ttotal Status Flags
r-devel-linux-x86_64-debian-clang 0.1 7.97 66.04 74.01 NOTE
r-devel-linux-x86_64-debian-gcc 0.1 7.83 51.28 59.11 NOTE
r-devel-linux-x86_64-fedora-clang 0.1 89.44 OK
r-devel-linux-x86_64-fedora-gcc 0.1 90.36 OK
r-devel-windows-ix86+x86_64 0.1 24.00 113.00 137.00 OK
r-patched-linux-x86_64 0.1 6.97 64.28 71.25 NOTE
r-patched-osx-x86_64 0.1 NOTE
r-patched-solaris-x86 0.1 151.80 NOTE
r-release-linux-x86_64 0.1 6.22 56.52 62.74 NOTE
r-release-windows-ix86+x86_64 0.1 19.00 66.00 85.00 OK
r-release-osx-x86_64 0.1 NOTE
r-oldrel-windows-ix86+x86_64 0.1 8.00 80.00 88.00 OK
r-oldrel-osx-x86_64 0.1 NOTE

Additional issues

donttest

Check Details

Version: 0.1
Check: package dependencies
Result: NOTE
    Package suggested but not available for checking: 'INLA'
Flavors: r-devel-linux-x86_64-debian-clang, r-devel-linux-x86_64-debian-gcc, r-patched-linux-x86_64, r-patched-osx-x86_64, r-patched-solaris-x86, r-release-linux-x86_64, r-release-osx-x86_64, r-oldrel-osx-x86_64