CRAN Package Check Results for Package ICAMS

Last updated on 2020-04-25 01:53:04 CEST.

Flavor Version Tinstall Tcheck Ttotal Status Flags
r-devel-linux-x86_64-debian-clang 2.1.2 46.30 595.24 641.54 OK
r-devel-linux-x86_64-debian-gcc 2.1.2 41.60 510.71 552.31 OK
r-devel-linux-x86_64-fedora-clang 2.1.2 580.00 NOTE
r-devel-linux-x86_64-fedora-gcc 2.1.2 602.13 NOTE
r-devel-windows-ix86+x86_64 2.0.10 110.00 545.00 655.00 OK
r-patched-linux-x86_64 2.1.2 42.48 561.72 604.20 OK
r-patched-osx-x86_64 2.0.10 NOTE
r-patched-solaris-x86 2.1.2 772.10 NOTE
r-release-linux-x86_64 2.1.2 39.19 502.69 541.88 OK
r-release-windows-ix86+x86_64 2.1.2 98.00 557.00 655.00 OK
r-release-osx-x86_64 2.1.2 ERROR
r-oldrel-windows-ix86+x86_64 2.1.2 47.00 471.00 518.00 OK
r-oldrel-osx-x86_64 2.0.10 ERROR

Check Details

Version: 2.1.2
Check: package dependencies
Result: NOTE
    Packages suggested but not available for checking:
     'BSgenome.Hsapiens.1000genomes.hs37d5',
     'BSgenome.Mmusculus.UCSC.mm10'
Flavors: r-devel-linux-x86_64-fedora-clang, r-devel-linux-x86_64-fedora-gcc, r-patched-solaris-x86

Version: 2.1.2
Check: Rd cross-references
Result: NOTE
    Packages unavailable to check Rd xrefs: ‘BSgenome.Hsapiens.1000genomes.hs37d5’, ‘BSgenome.Mmusculus.UCSC.mm10’
Flavors: r-devel-linux-x86_64-fedora-clang, r-devel-linux-x86_64-fedora-gcc, r-patched-solaris-x86

Version: 2.0.10
Check: package dependencies
Result: NOTE
    Packages suggested but not available for checking:
     'BSgenome.Hsapiens.1000genomes.hs37d5',
     'BSgenome.Hsapiens.UCSC.hg38', 'BSgenome.Mmusculus.UCSC.mm10'
Flavor: r-patched-osx-x86_64

Version: 2.0.10
Check: Rd cross-references
Result: NOTE
    Packages unavailable to check Rd xrefs: ‘BSgenome.Hsapiens.UCSC.hg38’, ‘BSgenome.Hsapiens.1000genomes.hs37d5’, ‘BSgenome.Mmusculus.UCSC.mm10’
Flavor: r-patched-osx-x86_64

Version: 2.1.2
Check: package dependencies
Result: NOTE
    Packages suggested but not available for checking:
     'BSgenome.Hsapiens.1000genomes.hs37d5',
     'BSgenome.Hsapiens.UCSC.hg38', 'BSgenome.Mmusculus.UCSC.mm10'
Flavor: r-release-osx-x86_64

Version: 2.1.2
Check: whether package can be installed
Result: ERROR
    Installation failed.
Flavor: r-release-osx-x86_64

Version: 2.0.10
Check: package dependencies
Result: ERROR
    Package required but not available: ‘BSgenome’
    
    Packages suggested but not available for checking:
     ‘BSgenome.Hsapiens.1000genomes.hs37d5’ ‘BSgenome.Hsapiens.UCSC.hg38’
     ‘BSgenome.Mmusculus.UCSC.mm10’
    
    See section ‘The DESCRIPTION file’ in the ‘Writing R Extensions’
    manual.
Flavor: r-oldrel-osx-x86_64