CRAN Package Check Results for Package HydeNet

Last updated on 2020-04-25 01:53:04 CEST.

Flavor Version Tinstall Tcheck Ttotal Status Flags
r-devel-linux-x86_64-debian-clang 0.10.9 8.82 107.44 116.26 OK
r-devel-linux-x86_64-debian-gcc 0.10.9 7.69 81.84 89.53 OK
r-devel-linux-x86_64-fedora-clang 0.10.9 139.75 OK
r-devel-linux-x86_64-fedora-gcc 0.10.9 142.91 OK
r-devel-windows-ix86+x86_64 0.10.9 28.00 173.00 201.00 WARN
r-patched-linux-x86_64 0.10.9 7.64 102.94 110.58 OK
r-patched-osx-x86_64 0.10.9 WARN
r-patched-solaris-x86 0.10.9 214.90 OK
r-release-linux-x86_64 0.10.9 8.51 95.21 103.72 OK
r-release-windows-ix86+x86_64 0.10.9 27.00 157.00 184.00 WARN
r-release-osx-x86_64 0.10.9 OK
r-oldrel-windows-ix86+x86_64 0.10.9 12.00 108.00 120.00 WARN
r-oldrel-osx-x86_64 0.10.9 OK

Check Details

Version: 0.10.9
Check: re-building of vignette outputs
Result: WARN
    Error(s) in re-building vignettes:
    --- re-building 'DecisionNetworks.Rmd' using rmarkdown
    Warning in engine$weave(file, quiet = quiet, encoding = enc) :
     The vignette engine knitr::rmarkdown is not available, because the rmarkdown package is not installed. Please install it.
    Loading required package: nnet
    --- finished re-building 'DecisionNetworks.Rmd'
    
    --- re-building 'GettingStartedWithHydeNet.Rmd' using rmarkdown
    Warning in engine$weave(file, quiet = quiet, encoding = enc) :
     The vignette engine knitr::rmarkdown is not available, because the rmarkdown package is not installed. Please install it.
    --- finished re-building 'GettingStartedWithHydeNet.Rmd'
    
    --- re-building 'HydeNetPlots.Rmd' using rmarkdown
    Warning in engine$weave(file, quiet = quiet, encoding = enc) :
     The vignette engine knitr::rmarkdown is not available, because the rmarkdown package is not installed. Please install it.
    Quitting from lines 158-167 (HydeNetPlots.Rmd)
    Error: processing vignette 'HydeNetPlots.Rmd' failed with diagnostics:
    Blackjack rules URL does not exist. Find a new link
    --- failed re-building 'HydeNetPlots.Rmd'
    
    --- re-building 'WorkingWithHydeNetObjects.Rmd' using rmarkdown
    Warning in engine$weave(file, quiet = quiet, encoding = enc) :
     The vignette engine knitr::rmarkdown is not available, because the rmarkdown package is not installed. Please install it.
    --- finished re-building 'WorkingWithHydeNetObjects.Rmd'
    
    SUMMARY: processing the following file failed:
     'HydeNetPlots.Rmd'
    
    Error: Vignette re-building failed.
    Execution halted
Flavors: r-devel-windows-ix86+x86_64, r-release-windows-ix86+x86_64

Version: 0.10.9
Check: re-building of vignette outputs
Result: WARN
    Error(s) in re-building vignettes:
    --- re-building ‘DecisionNetworks.Rmd’ using rmarkdown
    Loading required package: nnet
    dyld: lazy symbol binding failed: Symbol not found: ____chkstk_darwin
     Referenced from: /usr/local/bin/pandoc (which was built for Mac OS X 10.15)
     Expected in: /usr/lib/libSystem.B.dylib
    
    dyld: Symbol not found: ____chkstk_darwin
     Referenced from: /usr/local/bin/pandoc (which was built for Mac OS X 10.15)
     Expected in: /usr/lib/libSystem.B.dylib
    
    Error: processing vignette 'DecisionNetworks.Rmd' failed with diagnostics:
    pandoc document conversion failed with error 6
    --- failed re-building ‘DecisionNetworks.Rmd’
    
    --- re-building ‘GettingStartedWithHydeNet.Rmd’ using rmarkdown
    dyld: lazy symbol binding failed: Symbol not found: ____chkstk_darwin
     Referenced from: /usr/local/bin/pandoc (which was built for Mac OS X 10.15)
     Expected in: /usr/lib/libSystem.B.dylib
    
    dyld: Symbol not found: ____chkstk_darwin
     Referenced from: /usr/local/bin/pandoc (which was built for Mac OS X 10.15)
     Expected in: /usr/lib/libSystem.B.dylib
    
    Error: processing vignette 'GettingStartedWithHydeNet.Rmd' failed with diagnostics:
    pandoc document conversion failed with error 6
    --- failed re-building ‘GettingStartedWithHydeNet.Rmd’
    
    --- re-building ‘HydeNetPlots.Rmd’ using rmarkdown
    dyld: lazy symbol binding failed: Symbol not found: ____chkstk_darwin
     Referenced from: /usr/local/bin/pandoc (which was built for Mac OS X 10.15)
     Expected in: /usr/lib/libSystem.B.dylib
    
    dyld: Symbol not found: ____chkstk_darwin
     Referenced from: /usr/local/bin/pandoc (which was built for Mac OS X 10.15)
     Expected in: /usr/lib/libSystem.B.dylib
    
    Error: processing vignette 'HydeNetPlots.Rmd' failed with diagnostics:
    pandoc document conversion failed with error 6
    --- failed re-building ‘HydeNetPlots.Rmd’
    
    --- re-building ‘WorkingWithHydeNetObjects.Rmd’ using rmarkdown
    dyld: lazy symbol binding failed: Symbol not found: ____chkstk_darwin
     Referenced from: /usr/local/bin/pandoc (which was built for Mac OS X 10.15)
     Expected in: /usr/lib/libSystem.B.dylib
    
    dyld: Symbol not found: ____chkstk_darwin
     Referenced from: /usr/local/bin/pandoc (which was built for Mac OS X 10.15)
     Expected in: /usr/lib/libSystem.B.dylib
    
    Error: processing vignette 'WorkingWithHydeNetObjects.Rmd' failed with diagnostics:
    pandoc document conversion failed with error 6
    --- failed re-building ‘WorkingWithHydeNetObjects.Rmd’
    
    SUMMARY: processing the following files failed:
     ‘DecisionNetworks.Rmd’ ‘GettingStartedWithHydeNet.Rmd’
     ‘HydeNetPlots.Rmd’ ‘WorkingWithHydeNetObjects.Rmd’
    
    Error: Vignette re-building failed.
    Execution halted
Flavor: r-patched-osx-x86_64

Version: 0.10.9
Check: re-building of vignette outputs
Result: WARN
    Error in re-building vignettes:
     ...
    Warning in engine$weave(file, quiet = quiet, encoding = enc) :
     The vignette engine knitr::rmarkdown is not available, because the rmarkdown package is not installed. Please install it.
    Loading required package: nnet
    Warning in engine$weave(file, quiet = quiet, encoding = enc) :
     The vignette engine knitr::rmarkdown is not available, because the rmarkdown package is not installed. Please install it.
    Warning in engine$weave(file, quiet = quiet, encoding = enc) :
     The vignette engine knitr::rmarkdown is not available, because the rmarkdown package is not installed. Please install it.
    Quitting from lines 158-167 (HydeNetPlots.Rmd)
    Error: processing vignette 'HydeNetPlots.Rmd' failed with diagnostics:
    Blackjack rules URL does not exist. Find a new link
    Execution halted
Flavor: r-oldrel-windows-ix86+x86_64