CRAN Package Check Results for Package HiResTEC

Last updated on 2020-04-25 01:53:04 CEST.

Flavor Version Tinstall Tcheck Ttotal Status Flags
r-devel-linux-x86_64-debian-clang 0.59 7.78 47.34 55.12 OK
r-devel-linux-x86_64-debian-gcc 0.59 6.68 37.80 44.48 OK
r-devel-linux-x86_64-fedora-clang 0.59 66.16 OK
r-devel-linux-x86_64-fedora-gcc 0.59 66.28 OK
r-devel-windows-ix86+x86_64 0.59 22.00 108.00 130.00 OK
r-patched-linux-x86_64 0.59 7.20 46.35 53.55 OK
r-patched-osx-x86_64 0.59 ERROR
r-patched-solaris-x86 0.59 112.20 OK
r-release-linux-x86_64 0.59 6.18 42.79 48.97 OK
r-release-windows-ix86+x86_64 0.59 20.00 75.00 95.00 OK
r-release-osx-x86_64 0.59 OK
r-oldrel-windows-ix86+x86_64 0.59 10.00 106.00 116.00 OK
r-oldrel-osx-x86_64 0.59 OK

Check Details

Version: 0.59
Check: package dependencies
Result: ERROR
    Packages required but not available: 'InterpretMSSpectrum', 'Rdisop'
    
    See section ‘The DESCRIPTION file’ in the ‘Writing R Extensions’
    manual.
Flavor: r-patched-osx-x86_64