CRAN Package Check Results for Package HTMLUtils

Last updated on 2020-04-25 01:53:04 CEST.

Flavor Version Tinstall Tcheck Ttotal Status Flags
r-devel-linux-x86_64-debian-clang 0.1.7 2.21 22.66 24.87 NOTE
r-devel-linux-x86_64-debian-gcc 0.1.7 1.86 18.35 20.21 NOTE
r-devel-linux-x86_64-fedora-clang 0.1.7 31.25 NOTE
r-devel-linux-x86_64-fedora-gcc 0.1.7 30.52 NOTE
r-devel-windows-ix86+x86_64 0.1.7 7.00 53.00 60.00 NOTE
r-patched-linux-x86_64 0.1.7 2.13 22.44 24.57 NOTE
r-patched-osx-x86_64 0.1.7 NOTE
r-patched-solaris-x86 0.1.7 48.30 NOTE
r-release-linux-x86_64 0.1.7 1.82 20.71 22.53 NOTE
r-release-windows-ix86+x86_64 0.1.7 8.00 35.00 43.00 NOTE
r-release-osx-x86_64 0.1.7 NOTE
r-oldrel-windows-ix86+x86_64 0.1.7 3.00 45.00 48.00 NOTE
r-oldrel-osx-x86_64 0.1.7 NOTE

Check Details

Version: 0.1.7
Check: R code for possible problems
Result: NOTE
    BasicHTML: no visible global function definition for 'png'
    BasicHTML: no visible global function definition for 'dev.list'
    BasicHTML: no visible global function definition for 'dev.off'
    FramedHTML: no visible global function definition for 'graphics.off'
    Undefined global functions or variables:
     dev.list dev.off graphics.off png
    Consider adding
     importFrom("grDevices", "dev.list", "dev.off", "graphics.off", "png")
    to your NAMESPACE file.
Flavors: r-devel-linux-x86_64-debian-clang, r-devel-linux-x86_64-debian-gcc, r-devel-linux-x86_64-fedora-clang, r-devel-linux-x86_64-fedora-gcc, r-devel-windows-ix86+x86_64, r-patched-linux-x86_64, r-patched-osx-x86_64, r-patched-solaris-x86, r-release-linux-x86_64, r-release-windows-ix86+x86_64, r-release-osx-x86_64, r-oldrel-windows-ix86+x86_64, r-oldrel-osx-x86_64