CRAN Package Check Results for Package HLMdiag

Last updated on 2020-04-25 01:53:04 CEST.

Flavor Version Tinstall Tcheck Ttotal Status Flags
r-devel-linux-x86_64-debian-clang 0.3.1 96.44 108.03 204.47 OK
r-devel-linux-x86_64-debian-gcc 0.3.1 68.94 83.13 152.07 OK
r-devel-linux-x86_64-fedora-clang 0.3.1 267.88 NOTE
r-devel-linux-x86_64-fedora-gcc 0.3.1 258.73 NOTE
r-devel-windows-ix86+x86_64 0.3.1 286.00 240.00 526.00 OK
r-patched-linux-x86_64 0.3.1 80.59 103.59 184.18 OK
r-patched-osx-x86_64 0.3.1 OK
r-patched-solaris-x86 0.3.1 294.80 OK
r-release-linux-x86_64 0.3.1 82.91 95.01 177.92 OK
r-release-windows-ix86+x86_64 0.3.1 244.00 205.00 449.00 OK
r-release-osx-x86_64 0.3.1 OK
r-oldrel-windows-ix86+x86_64 0.3.1 150.00 168.00 318.00 OK
r-oldrel-osx-x86_64 0.3.1 OK

Check Details

Version: 0.3.1
Check: compiled code
Result: NOTE
    File ‘HLMdiag/libs/HLMdiag.so’:
     Found no calls to: ‘R_registerRoutines’, ‘R_useDynamicSymbols’
    
    It is good practice to register native routines and to disable symbol
    search.
    
    See ‘Writing portable packages’ in the ‘Writing R Extensions’ manual.
Flavors: r-devel-linux-x86_64-fedora-clang, r-devel-linux-x86_64-fedora-gcc