CRAN Package Check Results for Package GridOnClusters

Last updated on 2020-04-25 01:53:03 CEST.

Flavor Version Tinstall Tcheck Ttotal Status Flags
r-devel-linux-x86_64-debian-clang 0.0.7 25.57 40.07 65.64 OK
r-devel-linux-x86_64-debian-gcc 0.0.7 16.05 31.61 47.66 OK
r-devel-linux-x86_64-fedora-clang 0.0.7 88.62 OK
r-devel-linux-x86_64-fedora-gcc 0.0.7 80.95 OK
r-devel-windows-ix86+x86_64 0.0.7 72.00 133.00 205.00 OK
r-patched-linux-x86_64 0.0.7 20.59 39.41 60.00 OK
r-patched-osx-x86_64 0.0.7 WARN
r-patched-solaris-x86 0.0.7 110.10 OK
r-release-linux-x86_64 0.0.7 19.13 36.78 55.91 OK
r-release-windows-ix86+x86_64 0.0.7 66.00 112.00 178.00 OK
r-release-osx-x86_64 0.0.7 OK
r-oldrel-windows-ix86+x86_64 0.0.7 43.00 90.00 133.00 OK
r-oldrel-osx-x86_64 0.0.3 ERROR

Check Details

Version: 0.0.7
Check: re-building of vignette outputs
Result: WARN
    Error(s) in re-building vignettes:
     ...
    --- re-building ‘Examples.Rmd’ using rmarkdown
    dyld: lazy symbol binding failed: Symbol not found: ____chkstk_darwin
     Referenced from: /usr/local/bin/pandoc (which was built for Mac OS X 10.15)
     Expected in: /usr/lib/libSystem.B.dylib
    
    dyld: Symbol not found: ____chkstk_darwin
     Referenced from: /usr/local/bin/pandoc (which was built for Mac OS X 10.15)
     Expected in: /usr/lib/libSystem.B.dylib
    
    Error: processing vignette 'Examples.Rmd' failed with diagnostics:
    pandoc document conversion failed with error 6
    --- failed re-building ‘Examples.Rmd’
    
    SUMMARY: processing the following file failed:
     ‘Examples.Rmd’
    
    Error: Vignette re-building failed.
    Execution halted
Flavor: r-patched-osx-x86_64

Version: 0.0.3
Check: tests
Result: ERROR
     Running ‘testthat.R’ [3s/3s]
    Running the tests in ‘tests/testthat.R’ failed.
    Last 13 lines of output:
     ══ testthat results ═══════════════════════════════════════════════════════════
     [ OK: 41 | SKIPPED: 0 | WARNINGS: 0 | FAILED: 22 ]
     1. Failure: Testing discretize.jointly (@test-GridOnClusters.R#75)
     2. Failure: Testing discretize.jointly (@test-GridOnClusters.R#76)
     3. Failure: Testing discretize.jointly (@test-GridOnClusters.R#77)
     4. Failure: Testing discretize.jointly (@test-GridOnClusters.R#80)
     5. Failure: Testing discretize.jointly (@test-GridOnClusters.R#81)
     6. Failure: Testing discretize.jointly (@test-GridOnClusters.R#82)
     7. Failure: Testing discretize.jointly (@test-GridOnClusters.R#86)
     8. Failure: Testing discretize.jointly (@test-GridOnClusters.R#96)
     9. Failure: Testing discretize.jointly (@test-GridOnClusters.R#100)
     1. ...
    
     Error: testthat unit tests failed
     Execution halted
Flavor: r-oldrel-osx-x86_64