CRAN Package Check Results for Package Greg

Last updated on 2020-04-25 01:53:03 CEST.

Flavor Version Tinstall Tcheck Ttotal Status Flags
r-devel-linux-x86_64-debian-clang 1.3.3 18.52 196.63 215.15 OK
r-devel-linux-x86_64-debian-gcc 1.3.3 16.58 149.39 165.97 OK
r-devel-linux-x86_64-fedora-clang 1.3.3 267.79 OK
r-devel-linux-x86_64-fedora-gcc 1.3.3 265.70 OK
r-devel-windows-ix86+x86_64 1.3.3 68.00 333.00 401.00 OK
r-patched-linux-x86_64 1.3.3 14.41 189.67 204.08 OK
r-patched-osx-x86_64 1.3.3 WARN
r-patched-solaris-x86 1.3.3 373.90 OK
r-release-linux-x86_64 1.3.3 11.13 172.72 183.85 OK
r-release-windows-ix86+x86_64 1.3.3 52.00 271.00 323.00 OK
r-release-osx-x86_64 1.3.3 OK
r-oldrel-windows-ix86+x86_64 1.3.3 20.00 204.00 224.00 OK
r-oldrel-osx-x86_64 1.3.3 OK

Check Details

Version: 1.3.3
Check: re-building of vignette outputs
Result: WARN
    Error(s) in re-building vignettes:
    --- re-building ‘printCrudeAndAdjustedModel.Rmd’ using rmarkdown
    Loading required package: forestplot
    Loading required package: grid
    Loading required package: magrittr
    Loading required package: checkmate
    Loading required package: Gmisc
    Loading required package: Rcpp
    Loading required package: htmlTable
    Loading required package: lattice
    Loading required package: survival
    Loading required package: Formula
    Loading required package: ggplot2
    
    Attaching package: 'Hmisc'
    
    The following objects are masked from 'package:base':
    
     format.pval, units
    
    dyld: lazy symbol binding failed: Symbol not found: ____chkstk_darwin
     Referenced from: /usr/local/bin/pandoc (which was built for Mac OS X 10.15)
     Expected in: /usr/lib/libSystem.B.dylib
    
    dyld: Symbol not found: ____chkstk_darwin
     Referenced from: /usr/local/bin/pandoc (which was built for Mac OS X 10.15)
     Expected in: /usr/lib/libSystem.B.dylib
    
    Error: processing vignette 'printCrudeAndAdjustedModel.Rmd' failed with diagnostics:
    pandoc document conversion failed with error 6
    --- failed re-building ‘printCrudeAndAdjustedModel.Rmd’
    
    --- re-building ‘timeSplitter.Rmd’ using rmarkdown
    Loading required package: forestplot
    Loading required package: grid
    Loading required package: checkmate
    Loading required package: Gmisc
    Loading required package: Rcpp
    Loading required package: htmlTable
    
    Attaching package: 'dplyr'
    
    The following objects are masked from 'package:stats':
    
     filter, lag
    
    The following objects are masked from 'package:base':
    
     intersect, setdiff, setequal, union
    
    Warning in coxpenal.fit(X, Y, istrat, offset, init = init, control, weights = weights, :
     Inner loop failed to coverge for iterations 3
    dyld: lazy symbol binding failed: Symbol not found: ____chkstk_darwin
     Referenced from: /usr/local/bin/pandoc (which was built for Mac OS X 10.15)
     Expected in: /usr/lib/libSystem.B.dylib
    
    dyld: Symbol not found: ____chkstk_darwin
     Referenced from: /usr/local/bin/pandoc (which was built for Mac OS X 10.15)
     Expected in: /usr/lib/libSystem.B.dylib
    
    Error: processing vignette 'timeSplitter.Rmd' failed with diagnostics:
    pandoc document conversion failed with error 6
    --- failed re-building ‘timeSplitter.Rmd’
    
    SUMMARY: processing the following files failed:
     ‘printCrudeAndAdjustedModel.Rmd’ ‘timeSplitter.Rmd’
    
    Error: Vignette re-building failed.
    Execution halted
Flavor: r-patched-osx-x86_64