CRAN Package Check Results for Package GlobalFit

Last updated on 2020-04-25 01:53:03 CEST.

Flavor Version Tinstall Tcheck Ttotal Status Flags
r-devel-linux-x86_64-debian-clang 1.2 15.78 102.04 117.82 OK
r-devel-linux-x86_64-debian-gcc 1.2 13.11 78.29 91.40 OK
r-devel-linux-x86_64-fedora-clang 1.2 144.67 NOTE
r-devel-linux-x86_64-fedora-gcc 1.2 144.57 NOTE
r-devel-windows-ix86+x86_64 1.2 34.00 146.00 180.00 NOTE
r-patched-linux-x86_64 1.2 18.02 99.18 117.20 OK
r-patched-osx-x86_64 1.2 NOTE
r-patched-solaris-x86 1.2 201.10 NOTE
r-release-linux-x86_64 1.2 14.20 88.69 102.89 OK
r-release-windows-ix86+x86_64 1.2 31.00 98.00 129.00 NOTE
r-release-osx-x86_64 1.2 NOTE
r-oldrel-windows-ix86+x86_64 1.2 17.00 125.00 142.00 NOTE
r-oldrel-osx-x86_64 1.2 NOTE

Check Details

Version: 1.2
Check: package dependencies
Result: NOTE
    Package suggested but not available for checking: ‘cplexAPI’
Flavors: r-devel-linux-x86_64-fedora-clang, r-devel-linux-x86_64-fedora-gcc, r-devel-windows-ix86+x86_64, r-patched-osx-x86_64, r-patched-solaris-x86, r-release-windows-ix86+x86_64, r-release-osx-x86_64, r-oldrel-windows-ix86+x86_64, r-oldrel-osx-x86_64