CRAN Package Check Results for Package GetQuandlData

Last updated on 2020-04-25 01:53:03 CEST.

Flavor Version Tinstall Tcheck Ttotal Status Flags
r-devel-linux-x86_64-debian-clang 0.1.0 2.01 21.69 23.70 OK
r-devel-linux-x86_64-debian-gcc 0.1.0 1.72 17.16 18.88 OK
r-devel-linux-x86_64-fedora-clang 0.1.0 30.91 NOTE
r-devel-linux-x86_64-fedora-gcc 0.1.0 29.58 NOTE
r-devel-windows-ix86+x86_64 0.1.0 10.00 57.00 67.00 OK
r-patched-linux-x86_64 0.1.0 1.87 21.12 22.99 OK
r-patched-osx-x86_64 0.1.0 WARN
r-patched-solaris-x86 0.1.0 45.90 NOTE
r-release-linux-x86_64 0.1.0 1.49 19.80 21.29 OK
r-release-windows-ix86+x86_64 0.1.0 6.00 45.00 51.00 OK
r-release-osx-x86_64 0.1.0 NOTE
r-oldrel-windows-ix86+x86_64 0.1.0 2.00 32.00 34.00 OK
r-oldrel-osx-x86_64 0.1.0 NOTE

Check Details

Version: 0.1.0
Check: dependencies in R code
Result: NOTE
    Namespaces in Imports field not imported from:
     ‘scales’ ‘stringr’
     All declared Imports should be used.
Flavors: r-devel-linux-x86_64-fedora-clang, r-devel-linux-x86_64-fedora-gcc, r-patched-osx-x86_64, r-patched-solaris-x86, r-release-osx-x86_64, r-oldrel-osx-x86_64

Version: 0.1.0
Check: re-building of vignette outputs
Result: WARN
    Error(s) in re-building vignettes:
     ...
    --- re-building ‘getquandldata-vignette-introduction.Rmd’ using rmarkdown
    dyld: lazy symbol binding failed: Symbol not found: ____chkstk_darwin
     Referenced from: /usr/local/bin/pandoc (which was built for Mac OS X 10.15)
     Expected in: /usr/lib/libSystem.B.dylib
    
    dyld: Symbol not found: ____chkstk_darwin
     Referenced from: /usr/local/bin/pandoc (which was built for Mac OS X 10.15)
     Expected in: /usr/lib/libSystem.B.dylib
    
    Error: processing vignette 'getquandldata-vignette-introduction.Rmd' failed with diagnostics:
    pandoc document conversion failed with error 6
    --- failed re-building ‘getquandldata-vignette-introduction.Rmd’
    
    SUMMARY: processing the following file failed:
     ‘getquandldata-vignette-introduction.Rmd’
    
    Error: Vignette re-building failed.
    Execution halted
Flavor: r-patched-osx-x86_64