CRAN Package Check Results for Package GetHFData

Last updated on 2020-04-25 01:53:03 CEST.

Flavor Version Tinstall Tcheck Ttotal Status Flags
r-devel-linux-x86_64-debian-clang 1.7 2.53 38.50 41.03 OK
r-devel-linux-x86_64-debian-gcc 1.7 2.71 30.24 32.95 OK
r-devel-linux-x86_64-fedora-clang 1.7 51.67 OK
r-devel-linux-x86_64-fedora-gcc 1.7 50.74 OK
r-devel-windows-ix86+x86_64 1.7 18.00 81.00 99.00 OK
r-patched-linux-x86_64 1.7 3.11 37.50 40.61 OK
r-patched-osx-x86_64 1.7 WARN
r-patched-solaris-x86 1.7 73.90 OK
r-release-linux-x86_64 1.7 2.35 35.28 37.63 OK
r-release-windows-ix86+x86_64 1.7 8.00 70.00 78.00 OK
r-release-osx-x86_64 1.7 OK
r-oldrel-windows-ix86+x86_64 1.7 4.00 44.00 48.00 OK
r-oldrel-osx-x86_64 1.7 OK

Check Details

Version: 1.7
Check: re-building of vignette outputs
Result: WARN
    Error(s) in re-building vignettes:
    --- re-building ‘ghfd-vignette-LOB.Rmd’ using rmarkdown
    dyld: lazy symbol binding failed: Symbol not found: ____chkstk_darwin
     Referenced from: /usr/local/bin/pandoc (which was built for Mac OS X 10.15)
     Expected in: /usr/lib/libSystem.B.dylib
    
    dyld: Symbol not found: ____chkstk_darwin
     Referenced from: /usr/local/bin/pandoc (which was built for Mac OS X 10.15)
     Expected in: /usr/lib/libSystem.B.dylib
    
    Error: processing vignette 'ghfd-vignette-LOB.Rmd' failed with diagnostics:
    pandoc document conversion failed with error 6
    --- failed re-building ‘ghfd-vignette-LOB.Rmd’
    
    --- re-building ‘ghfd-vignette-Orders.Rmd’ using rmarkdown
    dyld: lazy symbol binding failed: Symbol not found: ____chkstk_darwin
     Referenced from: /usr/local/bin/pandoc (which was built for Mac OS X 10.15)
     Expected in: /usr/lib/libSystem.B.dylib
    
    dyld: Symbol not found: ____chkstk_darwin
     Referenced from: /usr/local/bin/pandoc (which was built for Mac OS X 10.15)
     Expected in: /usr/lib/libSystem.B.dylib
    
    Error: processing vignette 'ghfd-vignette-Orders.Rmd' failed with diagnostics:
    pandoc document conversion failed with error 6
    --- failed re-building ‘ghfd-vignette-Orders.Rmd’
    
    --- re-building ‘ghfd-vignette-Trades.Rmd’ using rmarkdown
    dyld: lazy symbol binding failed: Symbol not found: ____chkstk_darwin
     Referenced from: /usr/local/bin/pandoc (which was built for Mac OS X 10.15)
     Expected in: /usr/lib/libSystem.B.dylib
    
    dyld: Symbol not found: ____chkstk_darwin
     Referenced from: /usr/local/bin/pandoc (which was built for Mac OS X 10.15)
     Expected in: /usr/lib/libSystem.B.dylib
    
    Error: processing vignette 'ghfd-vignette-Trades.Rmd' failed with diagnostics:
    pandoc document conversion failed with error 6
    --- failed re-building ‘ghfd-vignette-Trades.Rmd’
    
    SUMMARY: processing the following files failed:
     ‘ghfd-vignette-LOB.Rmd’ ‘ghfd-vignette-Orders.Rmd’
     ‘ghfd-vignette-Trades.Rmd’
    
    Error: Vignette re-building failed.
    Execution halted
Flavor: r-patched-osx-x86_64