CRAN Package Check Results for Package GeneralizedUmatrix

Last updated on 2020-04-25 01:53:02 CEST.

Flavor Version Tinstall Tcheck Ttotal Status Flags
r-devel-linux-x86_64-debian-clang 1.1.9 54.18 142.57 196.75 OK
r-devel-linux-x86_64-debian-gcc 1.1.9 33.85 104.45 138.30 OK
r-devel-linux-x86_64-fedora-clang 1.1.9 249.00 OK
r-devel-linux-x86_64-fedora-gcc 1.1.9 239.46 OK
r-devel-windows-ix86+x86_64 1.1.9 149.00 304.00 453.00 OK
r-patched-linux-x86_64 1.1.9 44.23 138.63 182.86 OK
r-patched-osx-x86_64 1.1.9 WARN
r-patched-solaris-x86 1.1.9 268.40 OK
r-release-linux-x86_64 1.1.9 42.21 129.67 171.88 OK
r-release-windows-ix86+x86_64 1.1.9 135.00 258.00 393.00 OK
r-release-osx-x86_64 1.1.9 OK
r-oldrel-windows-ix86+x86_64 1.1.9 96.00 236.00 332.00 OK
r-oldrel-osx-x86_64 1.1.9 OK

Check Details

Version: 1.1.9
Check: re-building of vignette outputs
Result: WARN
    Error(s) in re-building vignettes:
     ...
    --- re-building ‘GeneralizedUmatrix.Rmd’ using rmarkdown
    Loading required package: DataVisualizations
    Loading required namespace: mgcv
    dyld: lazy symbol binding failed: Symbol not found: ____chkstk_darwin
     Referenced from: /usr/local/bin/pandoc (which was built for Mac OS X 10.15)
     Expected in: /usr/lib/libSystem.B.dylib
    
    dyld: Symbol not found: ____chkstk_darwin
     Referenced from: /usr/local/bin/pandoc (which was built for Mac OS X 10.15)
     Expected in: /usr/lib/libSystem.B.dylib
    
    Error: processing vignette 'GeneralizedUmatrix.Rmd' failed with diagnostics:
    pandoc document conversion failed with error 6
    --- failed re-building ‘GeneralizedUmatrix.Rmd’
    
    SUMMARY: processing the following file failed:
     ‘GeneralizedUmatrix.Rmd’
    
    Error: Vignette re-building failed.
    Execution halted
Flavor: r-patched-osx-x86_64