CRAN Package Check Results for Package GWEX

Last updated on 2020-04-25 01:53:04 CEST.

Flavor Version Tinstall Tcheck Ttotal Status Flags
r-devel-linux-x86_64-debian-clang 1.0.2 7.42 35.88 43.30 OK
r-devel-linux-x86_64-debian-gcc 1.0.2 5.65 28.10 33.75 OK
r-devel-linux-x86_64-fedora-clang 1.0.2 51.62 NOTE
r-devel-linux-x86_64-fedora-gcc 1.0.2 50.89 NOTE
r-devel-windows-ix86+x86_64 1.0.2 29.00 106.00 135.00 OK
r-patched-linux-x86_64 1.0.2 5.84 35.87 41.71 OK
r-patched-osx-x86_64 1.0.2 OK
r-patched-solaris-x86 1.0.2 80.80 OK
r-release-linux-x86_64 1.0.2 4.35 32.97 37.32 OK
r-release-windows-ix86+x86_64 1.0.2 20.00 71.00 91.00 OK
r-release-osx-x86_64 1.0.2 OK
r-oldrel-windows-ix86+x86_64 1.0.2 10.00 75.00 85.00 OK
r-oldrel-osx-x86_64 1.0.2 OK

Check Details

Version: 1.0.2
Check: compiled code
Result: NOTE
    File ‘GWEX/libs/GWEX.so’:
     Found no calls to: ‘R_registerRoutines’, ‘R_useDynamicSymbols’
    
    It is good practice to register native routines and to disable symbol
    search.
    
    See ‘Writing portable packages’ in the ‘Writing R Extensions’ manual.
Flavors: r-devel-linux-x86_64-fedora-clang, r-devel-linux-x86_64-fedora-gcc