CRAN Package Check Results for Package GUIDE

Last updated on 2020-04-25 01:53:04 CEST.

Flavor Version Tinstall Tcheck Ttotal Status Flags
r-devel-linux-x86_64-debian-clang 1.2.7 13.88 53.51 67.39 OK
r-devel-linux-x86_64-debian-gcc 1.2.7 10.63 42.49 53.12 OK
r-devel-linux-x86_64-fedora-clang 1.2.7 82.96 OK
r-devel-linux-x86_64-fedora-gcc 1.2.7 81.82 OK
r-devel-windows-ix86+x86_64 1.2.7 20.00 92.00 112.00 OK
r-patched-linux-x86_64 1.2.7 12.78 54.16 66.94 OK
r-patched-osx-x86_64 1.2.7 ERROR
r-patched-solaris-x86 1.2.7 109.50 OK
r-release-linux-x86_64 1.2.7 12.19 50.40 62.59 OK
r-release-windows-ix86+x86_64 1.2.7 19.00 57.00 76.00 OK
r-release-osx-x86_64 1.2.7 ERROR
r-oldrel-windows-ix86+x86_64 1.2.7 10.00 59.00 69.00 OK
r-oldrel-osx-x86_64 1.2.7 ERROR

Check Details

Version: 1.2.7
Check: package dependencies
Result: ERROR
    Package required but not available: ‘rpanel’
    
    See section ‘The DESCRIPTION file’ in the ‘Writing R Extensions’
    manual.
Flavors: r-patched-osx-x86_64, r-release-osx-x86_64, r-oldrel-osx-x86_64