CRAN Package Check Results for Package GSE

Last updated on 2020-04-25 01:53:03 CEST.

Flavor Version Tinstall Tcheck Ttotal Status Flags
r-devel-linux-x86_64-debian-clang 4.2 89.21 66.53 155.74 OK
r-devel-linux-x86_64-debian-gcc 4.2 62.65 50.90 113.55 OK
r-devel-linux-x86_64-fedora-clang 4.2 216.29 NOTE
r-devel-linux-x86_64-fedora-gcc 4.2 199.40 OK
r-devel-windows-ix86+x86_64 4.2 244.00 172.00 416.00 OK
r-patched-linux-x86_64 4.2 74.06 63.88 137.94 OK
r-patched-osx-x86_64 4.2 OK
r-patched-solaris-x86 4.2 217.30 OK
r-release-linux-x86_64 4.2 68.64 58.03 126.67 OK
r-release-windows-ix86+x86_64 4.2 213.00 140.00 353.00 OK
r-release-osx-x86_64 4.2 OK
r-oldrel-windows-ix86+x86_64 4.2 131.00 111.00 242.00 OK
r-oldrel-osx-x86_64 4.2 OK

Check Details

Version: 4.2
Check: installed package size
Result: NOTE
     installed size is 6.4Mb
     sub-directories of 1Mb or more:
     libs 5.9Mb
Flavor: r-devel-linux-x86_64-fedora-clang