CRAN Package Check Results for Package GPvecchia

Last updated on 2020-04-25 01:53:03 CEST.

Flavor Version Tinstall Tcheck Ttotal Status Flags
r-devel-linux-x86_64-debian-clang 0.1.3 140.41 65.79 206.20 OK
r-devel-linux-x86_64-debian-gcc 0.1.3 85.73 43.74 129.47 OK
r-devel-linux-x86_64-fedora-clang 0.1.3 306.15 NOTE
r-devel-linux-x86_64-fedora-gcc 0.1.3 258.50 OK
r-devel-windows-ix86+x86_64 0.1.2 327.00 127.00 454.00 OK
r-patched-linux-x86_64 0.1.3 106.66 55.48 162.14 OK
r-patched-osx-x86_64 0.1.2 ERROR
r-patched-solaris-x86 0.1.3 242.60 OK
r-release-linux-x86_64 0.1.3 107.86 51.36 159.22 OK
r-release-windows-ix86+x86_64 0.1.2 309.00 113.00 422.00 OK
r-release-osx-x86_64 0.1.3 NOTE
r-oldrel-windows-ix86+x86_64 0.1.3 212.00 73.00 285.00 OK
r-oldrel-osx-x86_64 0.1.0 OK

Additional issues

noOMP

Check Details

Version: 0.1.3
Check: installed package size
Result: NOTE
     installed size is 6.5Mb
     sub-directories of 1Mb or more:
     libs 6.0Mb
Flavors: r-devel-linux-x86_64-fedora-clang, r-release-osx-x86_64

Version: 0.1.2
Check: whether package can be installed
Result: ERROR
    Installation failed.
Flavor: r-patched-osx-x86_64