Last updated on 2020-04-25 01:53:03 CEST.
Flavor | Version | Tinstall | Tcheck | Ttotal | Status | Flags |
---|---|---|---|---|---|---|
r-devel-linux-x86_64-debian-clang | 1.1.4.1 | 41.81 | 136.45 | 178.26 | OK | --no-vignettes |
r-devel-linux-x86_64-debian-gcc | 1.1.4.1 | 28.28 | 103.04 | 131.32 | OK | --no-vignettes |
r-devel-linux-x86_64-fedora-clang | 1.1.4.1 | 220.37 | OK | --no-vignettes | ||
r-devel-linux-x86_64-fedora-gcc | 1.1.4.1 | 215.94 | OK | --no-vignettes | ||
r-devel-windows-ix86+x86_64 | 1.1.4.1 | 100.00 | 304.00 | 404.00 | OK | --no-vignettes |
r-patched-linux-x86_64 | 1.1.4.1 | 32.83 | 132.51 | 165.34 | OK | --no-vignettes |
r-patched-osx-x86_64 | 1.1.4.1 | OK | ||||
r-patched-solaris-x86 | 1.1.4.1 | 263.80 | OK | --no-vignettes | ||
r-release-linux-x86_64 | 1.1.4.1 | 30.63 | 121.40 | 152.03 | OK | --no-vignettes |
r-release-windows-ix86+x86_64 | 1.1.4.1 | 94.00 | 184.00 | 278.00 | OK | --no-vignettes |
r-release-osx-x86_64 | 1.1.4.1 | WARN | ||||
r-oldrel-windows-ix86+x86_64 | 1.1.4.1 | 51.00 | 242.00 | 293.00 | OK | --no-vignettes |
r-oldrel-osx-x86_64 | 1.1.4 | WARN |
Version: 1.1.4.1
Check: whether package can be installed
Result: WARN
Found the following significant warnings:
Warning: 'rgl.init' failed, running with 'rgl.useNULL = TRUE'.
Flavor: r-release-osx-x86_64
Version: 1.1.4
Check: whether package can be installed
Result: WARN
Found the following significant warnings:
Warning: 'rgl_init' failed, running with rgl.useNULL = TRUE
Flavor: r-oldrel-osx-x86_64
Version: 1.1.4
Check: dependencies in R code
Result: NOTE
No protocol specified
Flavor: r-oldrel-osx-x86_64
Version: 1.1.4
Check: S3 generic/method consistency
Result: WARN
No protocol specified
See section ‘Generic functions and methods’ in the ‘Writing R
Extensions’ manual.
Flavor: r-oldrel-osx-x86_64
Version: 1.1.4
Check: replacement functions
Result: WARN
No protocol specified
The argument of a replacement function which corresponds to the right
hand side must be named ‘value’.
Flavor: r-oldrel-osx-x86_64
Version: 1.1.4
Check: foreign function calls
Result: NOTE
No protocol specified
See chapter ‘System and foreign language interfaces’ in the ‘Writing R
Extensions’ manual.
Flavor: r-oldrel-osx-x86_64
Version: 1.1.4
Check: R code for possible problems
Result: NOTE
No protocol specified
Flavor: r-oldrel-osx-x86_64
Version: 1.1.4
Check: for missing documentation entries
Result: WARN
No protocol specified
All user-level objects in a package should have documentation entries.
See chapter ‘Writing R documentation files’ in the ‘Writing R
Extensions’ manual.
Flavor: r-oldrel-osx-x86_64
Version: 1.1.4
Check: for code/documentation mismatches
Result: WARN
No protocol specified
No protocol specified
No protocol specified
Flavor: r-oldrel-osx-x86_64
Version: 1.1.4
Check: Rd \usage sections
Result: NOTE
No protocol specified
The \usage entries for S3 methods should use the \method markup and not
their full name.
See chapter ‘Writing R documentation files’ in the ‘Writing R
Extensions’ manual.
Flavor: r-oldrel-osx-x86_64