CRAN Package Check Results for Package GLMpack

Last updated on 2020-04-25 01:53:03 CEST.

Flavor Version Tinstall Tcheck Ttotal Status Flags
r-devel-linux-x86_64-debian-clang 0.1.0 2.06 34.70 36.76 OK
r-devel-linux-x86_64-debian-gcc 0.1.0 1.95 27.03 28.98 OK
r-devel-linux-x86_64-fedora-clang 0.1.0 44.94 NOTE
r-devel-linux-x86_64-fedora-gcc 0.1.0 45.29 NOTE
r-devel-windows-ix86+x86_64 0.1.0 17.00 72.00 89.00 OK
r-patched-linux-x86_64 0.1.0 2.37 34.54 36.91 OK
r-patched-osx-x86_64 0.1.0 NOTE
r-patched-solaris-x86 0.1.0 69.40 NOTE
r-release-linux-x86_64 0.1.0 1.57 32.12 33.69 OK
r-release-windows-ix86+x86_64 0.1.0 9.00 50.00 59.00 OK
r-release-osx-x86_64 0.1.0 NOTE
r-oldrel-windows-ix86+x86_64 0.1.0 4.00 49.00 53.00 OK
r-oldrel-osx-x86_64 0.1.0 NOTE

Check Details

Version: 0.1.0
Check: dependencies in R code
Result: NOTE
    Namespaces in Imports field not imported from:
     ‘AER’ ‘MASS’ ‘Matrix’ ‘censReg’ ‘effects’ ‘foreign’ ‘lme4’ ‘lmtest’
     ‘nnet’ ‘pBrackets’ ‘plm’ ‘pscl’ ‘sandwich’
     All declared Imports should be used.
Flavors: r-devel-linux-x86_64-fedora-clang, r-devel-linux-x86_64-fedora-gcc, r-patched-osx-x86_64, r-patched-solaris-x86, r-release-osx-x86_64, r-oldrel-osx-x86_64