CRAN Package Check Results for Package GGEBiplotGUI

Last updated on 2020-04-25 01:53:03 CEST.

Flavor Version Tinstall Tcheck Ttotal Status Flags
r-devel-linux-x86_64-debian-clang 1.0-9 6.12 42.98 49.10 OK
r-devel-linux-x86_64-debian-gcc 1.0-9 5.66 35.69 41.35 OK
r-devel-linux-x86_64-fedora-clang 1.0-9 63.74 OK
r-devel-linux-x86_64-fedora-gcc 1.0-9 62.89 OK
r-devel-windows-ix86+x86_64 1.0-9 23.00 88.00 111.00 OK
r-patched-linux-x86_64 1.0-9 6.49 44.94 51.43 OK
r-patched-osx-x86_64 1.0-9 ERROR
r-patched-solaris-x86 1.0-9 99.10 OK
r-release-linux-x86_64 1.0-9 5.99 41.26 47.25 OK
r-release-windows-ix86+x86_64 1.0-9 24.00 54.00 78.00 OK
r-release-osx-x86_64 1.0-9 ERROR
r-oldrel-windows-ix86+x86_64 1.0-9 6.00 60.00 66.00 OK
r-oldrel-osx-x86_64 1.0-9 ERROR

Check Details

Version: 1.0-9
Check: examples
Result: ERROR
    Running examples in ‘GGEBiplotGUI-Ex.R’ failed
    The error most likely occurred in:
    
    > ### Name: GGEBiplot
    > ### Title: GGEBiplotGUI: Interactive GGE Biplots in R
    > ### Aliases: GGEBiplot
    >
    > ### ** Examples
    >
    > data(Ontario)
    > GGEBiplot(Data = Ontario)
    Warning in tclRequire("BWidget") : Tcl package 'BWidget' not found
    Error in structure(.External(.C_dotTclObjv, objv), class = "tclObj") :
     [tcl] invalid command name "ComboBox".
    Calls: GGEBiplot -> tkwidget -> tcl -> .Tcl.objv -> structure
    Execution halted
Flavors: r-patched-osx-x86_64, r-oldrel-osx-x86_64

Version: 1.0-9
Check: whether package can be installed
Result: WARN
    Found the following significant warnings:
     Warning: 'rgl_init' failed, running with rgl.useNULL = TRUE
     Warning: loading Rplot failed
Flavor: r-release-osx-x86_64

Version: 1.0-9
Check: examples
Result: ERROR
    Running examples in ‘GGEBiplotGUI-Ex.R’ failed
    The error most likely occurred in:
    
    > ### Name: GGEBiplot
    > ### Title: GGEBiplotGUI: Interactive GGE Biplots in R
    > ### Aliases: GGEBiplot
    >
    > ### ** Examples
    >
    > data(Ontario)
    > GGEBiplot(Data = Ontario)
    Warning in tclRequire("BWidget") : Tcl package 'BWidget' not found
    Error in structure(.External(.C_dotTclObjv, objv), class = "tclObj") :
     [tcl] invalid command name "toplevel".
    Calls: GGEBiplot ... tktoplevel -> tkwidget -> tcl -> .Tcl.objv -> structure
    Execution halted
Flavor: r-release-osx-x86_64