CRAN Package Check Results for Package GCalcium

Last updated on 2020-04-25 01:53:02 CEST.

Flavor Version Tinstall Tcheck Ttotal Status Flags
r-devel-linux-x86_64-debian-clang 1.0.0 4.46 40.77 45.23 OK
r-devel-linux-x86_64-debian-gcc 1.0.0 3.42 31.76 35.18 OK
r-devel-linux-x86_64-fedora-clang 1.0.0 56.21 OK
r-devel-linux-x86_64-fedora-gcc 1.0.0 55.99 OK
r-devel-windows-ix86+x86_64 1.0.0 18.00 88.00 106.00 OK
r-patched-linux-x86_64 1.0.0 3.98 39.05 43.03 OK
r-patched-osx-x86_64 1.0.0 WARN
r-patched-solaris-x86 1.0.0 84.50 OK
r-release-linux-x86_64 1.0.0 3.89 36.16 40.05 OK
r-release-windows-ix86+x86_64 1.0.0 17.00 76.00 93.00 OK
r-release-osx-x86_64 1.0.0 OK
r-oldrel-windows-ix86+x86_64 1.0.0 6.00 63.00 69.00 OK
r-oldrel-osx-x86_64 1.0.0 OK

Check Details

Version: 1.0.0
Check: re-building of vignette outputs
Result: WARN
    Error(s) in re-building vignettes:
     ...
    --- re-building ‘Examples.Rmd’ using rmarkdown
    dyld: lazy symbol binding failed: Symbol not found: ____chkstk_darwin
     Referenced from: /usr/local/bin/pandoc (which was built for Mac OS X 10.15)
     Expected in: /usr/lib/libSystem.B.dylib
    
    dyld: Symbol not found: ____chkstk_darwin
     Referenced from: /usr/local/bin/pandoc (which was built for Mac OS X 10.15)
     Expected in: /usr/lib/libSystem.B.dylib
    
    Error: processing vignette 'Examples.Rmd' failed with diagnostics:
    pandoc document conversion failed with error 6
    --- failed re-building ‘Examples.Rmd’
    
    SUMMARY: processing the following file failed:
     ‘Examples.Rmd’
    
    Error: Vignette re-building failed.
    Execution halted
Flavor: r-patched-osx-x86_64