Last updated on 2020-04-25 01:53:01 CEST.
Flavor | Version | Tinstall | Tcheck | Ttotal | Status | Flags |
---|---|---|---|---|---|---|
r-devel-linux-x86_64-debian-clang | 2.4 | 28.33 | 64.03 | 92.36 | OK | |
r-devel-linux-x86_64-debian-gcc | 2.4 | 18.23 | 49.95 | 68.18 | OK | |
r-devel-linux-x86_64-fedora-clang | 2.4 | 137.26 | NOTE | |||
r-devel-linux-x86_64-fedora-gcc | 2.4 | 106.45 | NOTE | |||
r-devel-windows-ix86+x86_64 | 2.4 | 75.00 | 155.00 | 230.00 | OK | |
r-patched-linux-x86_64 | 2.4 | 22.48 | 63.25 | 85.73 | OK | |
r-patched-osx-x86_64 | 2.4 | OK | ||||
r-patched-solaris-x86 | 2.4 | 199.80 | OK | |||
r-release-linux-x86_64 | 2.4 | 20.02 | 57.27 | 77.29 | OK | |
r-release-windows-ix86+x86_64 | 2.4 | 71.00 | 96.00 | 167.00 | OK | |
r-release-osx-x86_64 | 2.4 | OK | ||||
r-oldrel-windows-ix86+x86_64 | 2.4 | 40.00 | 97.00 | 137.00 | OK | |
r-oldrel-osx-x86_64 | 2.4 | OK |
Version: 2.4
Check: compiled code
Result: NOTE
File ‘Familias/libs/Familias.so’:
Found no calls to: ‘R_registerRoutines’, ‘R_useDynamicSymbols’
It is good practice to register native routines and to disable symbol
search.
See ‘Writing portable packages’ in the ‘Writing R Extensions’ manual.
Flavors: r-devel-linux-x86_64-fedora-clang, r-devel-linux-x86_64-fedora-gcc