CRAN Package Check Results for Package FRK

Last updated on 2020-04-25 01:53:02 CEST.

Flavor Version Tinstall Tcheck Ttotal Status Flags
r-devel-linux-x86_64-debian-clang 0.2.2.1 44.88 538.91 583.79 NOTE
r-devel-linux-x86_64-debian-gcc 0.2.2.1 33.39 416.39 449.78 NOTE
r-devel-linux-x86_64-fedora-clang 0.2.2.1 700.00 NOTE
r-devel-linux-x86_64-fedora-gcc 0.2.2.1 717.98 NOTE
r-devel-windows-ix86+x86_64 0.2.2.1 117.00 533.00 650.00 NOTE --no-vignettes
r-patched-linux-x86_64 0.2.2.1 34.06 536.99 571.05 NOTE
r-patched-osx-x86_64 0.2.2.1 NOTE
r-patched-solaris-x86 0.2.2.1 1200.60 NOTE
r-release-linux-x86_64 0.2.2.1 28.81 507.48 536.29 NOTE
r-release-windows-ix86+x86_64 0.2.2.1 107.00 377.00 484.00 NOTE --no-vignettes
r-release-osx-x86_64 0.2.2.1 NOTE
r-oldrel-windows-ix86+x86_64 0.2.2.1 49.00 499.00 548.00 NOTE --no-vignettes
r-oldrel-osx-x86_64 0.2.2 NOTE

Check Details

Version: 0.2.2.1
Check: package dependencies
Result: NOTE
    Packages suggested but not available for checking: 'dggrids', 'INLA'
Flavors: r-devel-linux-x86_64-debian-clang, r-devel-linux-x86_64-debian-gcc, r-patched-linux-x86_64, r-patched-osx-x86_64, r-patched-solaris-x86, r-release-linux-x86_64, r-release-osx-x86_64

Version: 0.2.2.1
Check: package dependencies
Result: NOTE
    Package suggested but not available for checking: ‘dggrids’
Flavors: r-devel-linux-x86_64-fedora-clang, r-devel-linux-x86_64-fedora-gcc

Version: 0.2.2.1
Check: installed package size
Result: NOTE
     installed size is 7.6Mb
     sub-directories of 1Mb or more:
     data 4.8Mb
     doc 1.4Mb
Flavors: r-devel-linux-x86_64-fedora-clang, r-patched-osx-x86_64, r-patched-solaris-x86, r-release-osx-x86_64

Version: 0.2.2.1
Flags: --no-vignettes
Check: package dependencies
Result: NOTE
    Package suggested but not available for checking: 'dggrids'
Flavors: r-devel-windows-ix86+x86_64, r-release-windows-ix86+x86_64, r-oldrel-windows-ix86+x86_64

Version: 0.2.2.1
Flags: --no-vignettes
Check: installed package size
Result: NOTE
     installed size is 8.9Mb
     sub-directories of 1Mb or more:
     data 4.8Mb
     doc 1.4Mb
     libs 2.0Mb
Flavors: r-devel-windows-ix86+x86_64, r-release-windows-ix86+x86_64, r-oldrel-windows-ix86+x86_64

Version: 0.2.2
Check: package dependencies
Result: NOTE
    Packages suggested but not available for checking: ‘dggrids’ ‘INLA’
Flavor: r-oldrel-osx-x86_64

Version: 0.2.2
Check: installed package size
Result: NOTE
     installed size is 8.2Mb
     sub-directories of 1Mb or more:
     data 4.8Mb
     doc 2.1Mb
Flavor: r-oldrel-osx-x86_64