CRAN Package Check Results for Package FOCI

Last updated on 2020-04-25 01:53:02 CEST.

Flavor Version Tinstall Tcheck Ttotal Status Flags
r-devel-linux-x86_64-debian-clang 0.1.1 2.23 47.90 50.13 OK
r-devel-linux-x86_64-debian-gcc 0.1.1 1.92 32.35 34.27 OK
r-devel-linux-x86_64-fedora-clang 0.1.1 51.22 OK
r-devel-linux-x86_64-fedora-gcc 0.1.1 51.37 OK
r-devel-windows-ix86+x86_64 0.1.1 12.00 76.00 88.00 OK
r-patched-linux-x86_64 0.1.1 2.48 42.80 45.28 OK
r-patched-osx-x86_64 0.1.1 WARN
r-patched-solaris-x86 0.1.1 78.60 OK
r-release-linux-x86_64 0.1.1 1.86 40.09 41.95 OK
r-release-windows-ix86+x86_64 0.1.1 8.00 71.00 79.00 OK
r-release-osx-x86_64 0.1.1 OK
r-oldrel-windows-ix86+x86_64 0.1.0 3.00 49.00 52.00 OK
r-oldrel-osx-x86_64 0.1.1 ERROR

Check Details

Version: 0.1.1
Check: re-building of vignette outputs
Result: WARN
    Error(s) in re-building vignettes:
    --- re-building ‘codec.Rmd’ using rmarkdown
    dyld: lazy symbol binding failed: Symbol not found: ____chkstk_darwin
     Referenced from: /usr/local/bin/pandoc (which was built for Mac OS X 10.15)
     Expected in: /usr/lib/libSystem.B.dylib
    
    dyld: Symbol not found: ____chkstk_darwin
     Referenced from: /usr/local/bin/pandoc (which was built for Mac OS X 10.15)
     Expected in: /usr/lib/libSystem.B.dylib
    
    Error: processing vignette 'codec.Rmd' failed with diagnostics:
    pandoc document conversion failed with error 6
    --- failed re-building ‘codec.Rmd’
    
    --- re-building ‘foci.Rmd’ using rmarkdown
    dyld: lazy symbol binding failed: Symbol not found: ____chkstk_darwin
     Referenced from: /usr/local/bin/pandoc (which was built for Mac OS X 10.15)
     Expected in: /usr/lib/libSystem.B.dylib
    
    dyld: Symbol not found: ____chkstk_darwin
     Referenced from: /usr/local/bin/pandoc (which was built for Mac OS X 10.15)
     Expected in: /usr/lib/libSystem.B.dylib
    
    Error: processing vignette 'foci.Rmd' failed with diagnostics:
    pandoc document conversion failed with error 6
    --- failed re-building ‘foci.Rmd’
    
    SUMMARY: processing the following files failed:
     ‘codec.Rmd’ ‘foci.Rmd’
    
    Error: Vignette re-building failed.
    Execution halted
Flavor: r-patched-osx-x86_64

Version: 0.1.1
Check: whether package can be installed
Result: ERROR
    Installation failed.
Flavor: r-oldrel-osx-x86_64