Last updated on 2020-04-25 01:53:01 CEST.
Flavor | Version | Tinstall | Tcheck | Ttotal | Status | Flags |
---|---|---|---|---|---|---|
r-devel-linux-x86_64-debian-clang | 1.1 | 24.98 | 29.77 | 54.75 | OK | |
r-devel-linux-x86_64-debian-gcc | 1.1 | 17.37 | 24.51 | 41.88 | OK | |
r-devel-linux-x86_64-fedora-clang | 1.1 | 79.95 | NOTE | |||
r-devel-linux-x86_64-fedora-gcc | 1.1 | 73.28 | NOTE | |||
r-devel-windows-ix86+x86_64 | 1.1 | 69.00 | 103.00 | 172.00 | NOTE | |
r-patched-linux-x86_64 | 1.1 | 21.74 | 30.25 | 51.99 | OK | |
r-patched-osx-x86_64 | 1.1 | NOTE | ||||
r-patched-solaris-x86 | 1.1 | 92.50 | OK | |||
r-release-linux-x86_64 | 1.1 | 17.95 | 27.89 | 45.84 | OK | |
r-release-windows-ix86+x86_64 | 1.1 | 60.00 | 56.00 | 116.00 | NOTE | |
r-release-osx-x86_64 | 1.1 | NOTE | ||||
r-oldrel-windows-ix86+x86_64 | 1.1 | 39.00 | 76.00 | 115.00 | NOTE | |
r-oldrel-osx-x86_64 | 1.1 | NOTE |
Version: 1.1
Check: installed package size
Result: NOTE
installed size is 5.8Mb
sub-directories of 1Mb or more:
data 3.5Mb
libs 2.2Mb
Flavors: r-devel-linux-x86_64-fedora-clang, r-devel-windows-ix86+x86_64, r-patched-osx-x86_64, r-release-windows-ix86+x86_64, r-release-osx-x86_64, r-oldrel-windows-ix86+x86_64, r-oldrel-osx-x86_64
Version: 1.1
Check: compiled code
Result: NOTE
File ‘FBFsearch/libs/FBFsearch.so’:
Found no calls to: ‘R_registerRoutines’, ‘R_useDynamicSymbols’
It is good practice to register native routines and to disable symbol
search.
See ‘Writing portable packages’ in the ‘Writing R Extensions’ manual.
Flavors: r-devel-linux-x86_64-fedora-clang, r-devel-linux-x86_64-fedora-gcc