CRAN Package Check Results for Package EntropyMCMC

Last updated on 2020-04-25 01:53:01 CEST.

Flavor Version Tinstall Tcheck Ttotal Status Flags
r-devel-linux-x86_64-debian-clang 1.0.4 10.40 96.40 106.80 OK
r-devel-linux-x86_64-debian-gcc 1.0.4 9.15 75.23 84.38 OK
r-devel-linux-x86_64-fedora-clang 1.0.4 128.24 OK
r-devel-linux-x86_64-fedora-gcc 1.0.4 128.35 OK
r-devel-windows-ix86+x86_64 1.0.4 29.00 189.00 218.00 OK
r-patched-linux-x86_64 1.0.4 11.38 95.09 106.47 OK
r-patched-osx-x86_64 1.0.4 NOTE
r-patched-solaris-x86 1.0.4 180.50 OK
r-release-linux-x86_64 1.0.4 7.81 82.56 90.37 OK
r-release-windows-ix86+x86_64 1.0.4 27.00 134.00 161.00 OK
r-release-osx-x86_64 1.0.4 NOTE
r-oldrel-windows-ix86+x86_64 1.0.4 11.00 134.00 145.00 OK
r-oldrel-osx-x86_64 1.0.4 NOTE

Check Details

Version: 1.0.4
Check: package dependencies
Result: NOTE
    Package suggested but not available for checking: ‘Rmpi’
Flavors: r-patched-osx-x86_64, r-release-osx-x86_64, r-oldrel-osx-x86_64