CRAN Package Check Results for Package EcoGenetics

Last updated on 2020-04-25 01:53:00 CEST.

Flavor Version Tinstall Tcheck Ttotal Status Flags
r-devel-linux-x86_64-debian-clang 1.2.1-5 56.29 238.99 295.28 OK
r-devel-linux-x86_64-debian-gcc 1.2.1-5 46.64 181.82 228.46 OK
r-devel-linux-x86_64-fedora-clang 1.2.1-5 352.23 WARN
r-devel-linux-x86_64-fedora-gcc 1.2.1-5 358.72 OK
r-devel-windows-ix86+x86_64 1.2.1-5 133.00 330.00 463.00 OK
r-patched-linux-x86_64 1.2.1-5 49.21 230.11 279.32 OK
r-patched-osx-x86_64 1.2.1-5 OK
r-patched-solaris-x86 1.2.1-5 533.50 OK
r-release-linux-x86_64 1.2.1-5 47.98 208.53 256.51 OK
r-release-windows-ix86+x86_64 1.2.1-5 126.00 318.00 444.00 OK
r-release-osx-x86_64 1.2.1-5 OK
r-oldrel-windows-ix86+x86_64 1.2.1-5 58.00 186.00 244.00 OK
r-oldrel-osx-x86_64 1.2.1-5 OK

Check Details

Version: 1.2.1-5
Check: package dependencies
Result: WARN
    Requires orphaned package: ‘d3heatmap’
Flavor: r-devel-linux-x86_64-fedora-clang