CRAN Package Check Results for Package Eagle

Last updated on 2020-04-25 01:53:00 CEST.

Flavor Version Tinstall Tcheck Ttotal Status Flags
r-devel-linux-x86_64-debian-clang 2.2 292.02 63.67 355.69 OK
r-devel-linux-x86_64-debian-gcc 2.2 193.13 51.10 244.23 OK
r-devel-linux-x86_64-fedora-clang 2.2 525.86 NOTE
r-devel-linux-x86_64-fedora-gcc 2.2 452.13 OK
r-devel-windows-ix86+x86_64 2.2 797.00 160.00 957.00 OK
r-patched-linux-x86_64 2.2 222.24 63.57 285.81 OK
r-patched-osx-x86_64 2.2 NOTE
r-patched-solaris-x86 2.2 411.50 OK
r-release-linux-x86_64 2.2 217.34 57.82 275.16 OK
r-release-windows-ix86+x86_64 2.2 732.00 140.00 872.00 OK
r-release-osx-x86_64 2.2 NOTE
r-oldrel-windows-ix86+x86_64 2.2 514.00 148.00 662.00 OK
r-oldrel-osx-x86_64 2.2 NOTE

Check Details

Version: 2.2
Check: installed package size
Result: NOTE
     installed size is 14.0Mb
     sub-directories of 1Mb or more:
     libs 12.5Mb
     shiny_app 1.1Mb
Flavors: r-devel-linux-x86_64-fedora-clang, r-patched-osx-x86_64, r-release-osx-x86_64, r-oldrel-osx-x86_64