CRAN Package Check Results for Package EML

Last updated on 2020-04-25 01:53:01 CEST.

Flavor Version Tinstall Tcheck Ttotal Status Flags
r-devel-linux-x86_64-debian-clang 2.0.2 10.99 105.09 116.08 OK
r-devel-linux-x86_64-debian-gcc 2.0.2 9.48 78.70 88.18 OK
r-devel-linux-x86_64-fedora-clang 2.0.2 118.24 OK
r-devel-linux-x86_64-fedora-gcc 2.0.2 114.48 OK
r-devel-windows-ix86+x86_64 2.0.2 39.00 168.00 207.00 OK --no-vignettes
r-patched-linux-x86_64 2.0.2 10.11 100.82 110.93 OK
r-patched-osx-x86_64 2.0.2 WARN
r-patched-solaris-x86 2.0.2 157.00 OK
r-release-linux-x86_64 2.0.2 9.09 94.42 103.51 OK
r-release-windows-ix86+x86_64 2.0.2 31.00 108.00 139.00 OK --no-vignettes
r-release-osx-x86_64 2.0.2 NOTE
r-oldrel-windows-ix86+x86_64 2.0.2 12.00 151.00 163.00 OK --no-vignettes
r-oldrel-osx-x86_64 2.0.2 NOTE

Check Details

Version: 2.0.2
Check: re-building of vignette outputs
Result: WARN
    Error(s) in re-building vignettes:
    --- re-building ‘creating-EML.Rmd’ using rmarkdown
    dyld: lazy symbol binding failed: Symbol not found: ____chkstk_darwin
     Referenced from: /usr/local/bin/pandoc (which was built for Mac OS X 10.15)
     Expected in: /usr/lib/libSystem.B.dylib
    
    dyld: Symbol not found: ____chkstk_darwin
     Referenced from: /usr/local/bin/pandoc (which was built for Mac OS X 10.15)
     Expected in: /usr/lib/libSystem.B.dylib
    
    Error: processing vignette 'creating-EML.Rmd' failed with diagnostics:
    pandoc document conversion failed with error 6
    --- failed re-building ‘creating-EML.Rmd’
    
    --- re-building ‘working-with-units.Rmd’ using rmarkdown
    dyld: lazy symbol binding failed: Symbol not found: ____chkstk_darwin
     Referenced from: /usr/local/bin/pandoc (which was built for Mac OS X 10.15)
     Expected in: /usr/lib/libSystem.B.dylib
    
    dyld: Symbol not found: ____chkstk_darwin
     Referenced from: /usr/local/bin/pandoc (which was built for Mac OS X 10.15)
     Expected in: /usr/lib/libSystem.B.dylib
    
    Error: processing vignette 'working-with-units.Rmd' failed with diagnostics:
    pandoc document conversion failed with error 6
    --- failed re-building ‘working-with-units.Rmd’
    
    SUMMARY: processing the following files failed:
     ‘creating-EML.Rmd’ ‘working-with-units.Rmd’
    
    Error: Vignette re-building failed.
    Execution halted
Flavor: r-patched-osx-x86_64

Version: 2.0.2
Check: package dependencies
Result: NOTE
    Package suggested but not available for checking: ‘taxadb’
Flavors: r-release-osx-x86_64, r-oldrel-osx-x86_64