CRAN Package Check Results for Package EGRET

Last updated on 2020-04-25 01:53:00 CEST.

Flavor Version Tinstall Tcheck Ttotal Status Flags
r-devel-linux-x86_64-debian-clang 3.0.2 10.54 127.65 138.19 OK
r-devel-linux-x86_64-debian-gcc 3.0.2 9.73 97.28 107.01 OK
r-devel-linux-x86_64-fedora-clang 3.0.2 167.90 OK
r-devel-linux-x86_64-fedora-gcc 3.0.2 168.06 OK
r-devel-windows-ix86+x86_64 3.0.2 29.00 190.00 219.00 OK
r-patched-linux-x86_64 3.0.2 10.65 125.20 135.85 OK
r-patched-osx-x86_64 3.0.2 WARN
r-patched-solaris-x86 3.0.2 215.80 OK
r-release-linux-x86_64 3.0.2 10.07 113.17 123.24 OK
r-release-windows-ix86+x86_64 3.0.2 25.00 190.00 215.00 OK
r-release-osx-x86_64 3.0.2 OK
r-oldrel-windows-ix86+x86_64 3.0.2 15.00 126.00 141.00 OK
r-oldrel-osx-x86_64 3.0.2 OK

Check Details

Version: 3.0.2
Check: re-building of vignette outputs
Result: WARN
    Error(s) in re-building vignettes:
    --- re-building ‘Enhancements.Rmd’ using rmarkdown
    
    Attaching package: 'knitr'
    
    The following object is masked from 'package:EGRET':
    
     stitch
    
    dyld: lazy symbol binding failed: Symbol not found: ____chkstk_darwin
     Referenced from: /usr/local/bin/pandoc (which was built for Mac OS X 10.15)
     Expected in: /usr/lib/libSystem.B.dylib
    
    dyld: Symbol not found: ____chkstk_darwin
     Referenced from: /usr/local/bin/pandoc (which was built for Mac OS X 10.15)
     Expected in: /usr/lib/libSystem.B.dylib
    
    Error: processing vignette 'Enhancements.Rmd' failed with diagnostics:
    pandoc document conversion failed with error 6
    --- failed re-building ‘Enhancements.Rmd’
    
    --- re-building ‘parallel.Rmd’ using rmarkdown
    dyld: lazy symbol binding failed: Symbol not found: ____chkstk_darwin
     Referenced from: /usr/local/bin/pandoc (which was built for Mac OS X 10.15)
     Expected in: /usr/lib/libSystem.B.dylib
    
    dyld: Symbol not found: ____chkstk_darwin
     Referenced from: /usr/local/bin/pandoc (which was built for Mac OS X 10.15)
     Expected in: /usr/lib/libSystem.B.dylib
    
    Error: processing vignette 'parallel.Rmd' failed with diagnostics:
    pandoc document conversion failed with error 6
    --- failed re-building ‘parallel.Rmd’
    
    --- re-building ‘rResid.Rmd’ using rmarkdown
    dyld: lazy symbol binding failed: Symbol not found: ____chkstk_darwin
     Referenced from: /usr/local/bin/pandoc (which was built for Mac OS X 10.15)
     Expected in: /usr/lib/libSystem.B.dylib
    
    dyld: Symbol not found: ____chkstk_darwin
     Referenced from: /usr/local/bin/pandoc (which was built for Mac OS X 10.15)
     Expected in: /usr/lib/libSystem.B.dylib
    
    Error: processing vignette 'rResid.Rmd' failed with diagnostics:
    pandoc document conversion failed with error 6
    --- failed re-building ‘rResid.Rmd’
    
    --- re-building ‘EGRET.Rnw’ using knitr
    --- finished re-building ‘EGRET.Rnw’
    
    SUMMARY: processing the following files failed:
     ‘Enhancements.Rmd’ ‘parallel.Rmd’ ‘rResid.Rmd’
    
    Error: Vignette re-building failed.
    Execution halted
Flavor: r-patched-osx-x86_64