Last updated on 2020-04-25 01:53:00 CEST.
Flavor | Version | Tinstall | Tcheck | Ttotal | Status | Flags |
---|---|---|---|---|---|---|
r-devel-linux-x86_64-debian-clang | 0.9.3 | 17.24 | 194.72 | 211.96 | OK | |
r-devel-linux-x86_64-debian-gcc | 0.9.3 | 12.93 | 146.71 | 159.64 | OK | |
r-devel-linux-x86_64-fedora-clang | 0.9.3 | 254.77 | OK | |||
r-devel-linux-x86_64-fedora-gcc | 0.9.3 | 249.47 | OK | |||
r-devel-windows-ix86+x86_64 | 0.9.3 | 52.00 | 300.00 | 352.00 | OK | |
r-patched-linux-x86_64 | 0.9.3 | 13.46 | 187.81 | 201.27 | OK | |
r-patched-osx-x86_64 | 0.9.3 | WARN | ||||
r-patched-solaris-x86 | 0.9.3 | 389.70 | OK | |||
r-release-linux-x86_64 | 0.9.3 | 9.49 | 169.91 | 179.40 | OK | |
r-release-windows-ix86+x86_64 | 0.9.3 | 42.00 | 288.00 | 330.00 | OK | |
r-release-osx-x86_64 | 0.9.3 | OK | ||||
r-oldrel-windows-ix86+x86_64 | 0.9.3 | 21.00 | 194.00 | 215.00 | OK | |
r-oldrel-osx-x86_64 | 0.9.3 | OK |
Version: 0.9.3
Check: re-building of vignette outputs
Result: WARN
Error(s) in re-building vignettes:
--- re-building ‘Network_Scores.Rmd’ using rmarkdown
Package: EGAnet: Exploratory Graph Analysis - A Framework for Estimating the
Number of Dimensions in Multivariate Data Using Network
Psychometrics
Version: 0.9.3
Created on: 2020-3-05
Maintainer: Hudson Golino, University of Virginia
Authors: Hudson Golino, University of Virginia &
Alexander Christensen, University of North Carolina at Greensboro
Contributors: Robert Moulder, University of Virginia
For citation information, type citation("EGAnet")
For vignettes, type browseVignettes("EGAnet")
For bugs and errors, submit an issue to <https://github.com/hfgolino/EGAnet/issues>
Package: NetworkToolbox: Methods and Measures for Brain, Cognitive, and Psychometric
Network Analysis
Version: 1.4.0
Created on: 2020-03-08
Maintainer: Alexander P. Christensen, University of North Carolina at Greensboro
Contributors: Guido Previde Massara, University College London
For citation information, type citation("NetworkToolbox")
For vignettes, see <https://doi.org/10.32614/RJ-2018-065>
For bugs and errors, submit an issue to <https://github.com/AlexChristensen/NetworkToolbox/issues>
This is lavaan 0.6-5
lavaan is BETA software! Please report any bugs.
Attaching package: 'lavaan'
The following object is masked from 'package:NetworkToolbox':
cor2cov
Variables detected as ordinal: Act1; Act2; Act3; Act4; Act5; Act6; Act7; Act8; Aes1; Aes2; Aes3; Aes4; Aes5; Aes6; Aes7; Aes8; Fan1; Fan2; Fan3; Fan4; Fan5; Fan6; Fan7; Fan8; Fee1; Fee2; Fee3; Fee4; Fee5; Fee6; Fee7; Fee8; Ide1; Ide2; Ide3; Ide4; Ide5; Ide6; Ide7; Ide8; Val1; Val2; Val3; Val4; Val5; Val6; Val7; Val8
Network estimated with gamma = 0.5
Warning in lav_samplestats_from_data(lavdata = lavdata, missing = lavoptions$missing, :
lavaan WARNING: number of observations (802) too small to compute Gamma
dyld: lazy symbol binding failed: Symbol not found: ____chkstk_darwin
Referenced from: /usr/local/bin/pandoc (which was built for Mac OS X 10.15)
Expected in: /usr/lib/libSystem.B.dylib
dyld: Symbol not found: ____chkstk_darwin
Referenced from: /usr/local/bin/pandoc (which was built for Mac OS X 10.15)
Expected in: /usr/lib/libSystem.B.dylib
Error: processing vignette 'Network_Scores.Rmd' failed with diagnostics:
pandoc document conversion failed with error 6
--- failed re-building ‘Network_Scores.Rmd’
--- re-building ‘Redundant_Nodes.Rmd’ using rmarkdown
Package: EGAnet: Exploratory Graph Analysis - A Framework for Estimating the
Number of Dimensions in Multivariate Data Using Network
Psychometrics
Version: 0.9.3
Created on: 2020-3-05
Maintainer: Hudson Golino, University of Virginia
Authors: Hudson Golino, University of Virginia &
Alexander Christensen, University of North Carolina at Greensboro
Contributors: Robert Moulder, University of Virginia
For citation information, type citation("EGAnet")
For vignettes, type browseVignettes("EGAnet")
For bugs and errors, submit an issue to <https://github.com/hfgolino/EGAnet/issues>
Variables detected as ordinal: q_90; q_1763; q_253; q_1896; q_851; q_1832; q_501; q_377; q_871; q_1855; q_4296; q_142; q_379; q_4289; q_1290; q_1744; q_1979; q_1452; q_1915; q_1201; q_530; q_904; q_1867; q_1694; q_369; q_1444; q_1483; q_1254; q_979; q_4252; q_1989; q_1505; q_4249; q_808; q_793; q_1840; q_811; q_1585; q_578; q_176; q_797; q_1683; q_1904; q_4243; q_312; q_565; q_1416; q_1923; q_1027; q_684; q_254; q_1296; q_901; q_1243; q_803; q_1244; q_128; q_2745; q_2754; q_1392; q_1058; q_240; q_1738; q_422; q_1389; q_1310; q_1880; q_747; q_1609; q_1834
dyld: lazy symbol binding failed: Symbol not found: ____chkstk_darwin
Referenced from: /usr/local/bin/pandoc (which was built for Mac OS X 10.15)
Expected in: /usr/lib/libSystem.B.dylib
dyld: Symbol not found: ____chkstk_darwin
Referenced from: /usr/local/bin/pandoc (which was built for Mac OS X 10.15)
Expected in: /usr/lib/libSystem.B.dylib
Error: processing vignette 'Redundant_Nodes.Rmd' failed with diagnostics:
pandoc document conversion failed with error 6
--- failed re-building ‘Redundant_Nodes.Rmd’
SUMMARY: processing the following files failed:
‘Network_Scores.Rmd’ ‘Redundant_Nodes.Rmd’
Error: Vignette re-building failed.
Execution halted
Flavor: r-patched-osx-x86_64