CRAN Package Check Results for Package EFDR

Last updated on 2020-04-25 01:53:00 CEST.

Flavor Version Tinstall Tcheck Ttotal Status Flags
r-devel-linux-x86_64-debian-clang 1.0 12.99 108.86 121.85 OK
r-devel-linux-x86_64-debian-gcc 1.0 12.67 83.81 96.48 OK
r-devel-linux-x86_64-fedora-clang 1.0 151.33 OK
r-devel-linux-x86_64-fedora-gcc 1.0 149.70 OK
r-devel-windows-ix86+x86_64 1.0 50.00 162.00 212.00 OK
r-patched-linux-x86_64 1.0 12.53 103.67 116.20 OK
r-patched-osx-x86_64 1.0 WARN
r-patched-solaris-x86 1.0 236.50 OK
r-release-linux-x86_64 1.0 11.49 94.09 105.58 OK
r-release-windows-ix86+x86_64 1.0 39.00 160.00 199.00 OK
r-release-osx-x86_64 1.0 OK
r-oldrel-windows-ix86+x86_64 1.0 16.00 106.00 122.00 OK
r-oldrel-osx-x86_64 1.0 OK

Check Details

Version: 1.0
Check: re-building of vignette outputs
Result: WARN
    Error(s) in re-building vignettes:
     ...
    --- re-building ‘EFDR_documents.Rmd’ using rmarkdown
    dyld: lazy symbol binding failed: Symbol not found: ____chkstk_darwin
     Referenced from: /usr/local/bin/pandoc (which was built for Mac OS X 10.15)
     Expected in: /usr/lib/libSystem.B.dylib
    
    dyld: Symbol not found: ____chkstk_darwin
     Referenced from: /usr/local/bin/pandoc (which was built for Mac OS X 10.15)
     Expected in: /usr/lib/libSystem.B.dylib
    
    Error: processing vignette 'EFDR_documents.Rmd' failed with diagnostics:
    pandoc document conversion failed with error 6
    --- failed re-building ‘EFDR_documents.Rmd’
    
    SUMMARY: processing the following file failed:
     ‘EFDR_documents.Rmd’
    
    Error: Vignette re-building failed.
    Execution halted
Flavor: r-patched-osx-x86_64